Last updated on 2025-05-21 03:50:42 CEST.
Flavor | Version | Tinstall | Tcheck | Ttotal | Status | Flags |
---|---|---|---|---|---|---|
r-devel-linux-x86_64-debian-clang | 2.2.1 | 1.79 | 17.04 | 18.83 | NOTE | |
r-devel-linux-x86_64-debian-gcc | 2.2.1 | 1.49 | 14.16 | 15.65 | NOTE | |
r-devel-linux-x86_64-fedora-clang | 2.2.1 | 30.66 | OK | |||
r-devel-linux-x86_64-fedora-gcc | 2.2.1 | 27.96 | OK | |||
r-devel-windows-x86_64 | 2.2.1 | 3.00 | 43.00 | 46.00 | OK | |
r-patched-linux-x86_64 | 2.2.1 | 1.44 | 16.44 | 17.88 | OK | |
r-release-linux-x86_64 | 2.2.1 | 1.57 | 16.55 | 18.12 | OK | |
r-release-macos-arm64 | 2.2.1 | 18.00 | OK | |||
r-release-macos-x86_64 | 2.2.1 | 22.00 | OK | |||
r-release-windows-x86_64 | 2.2.1 | 4.00 | 39.00 | 43.00 | OK | |
r-oldrel-macos-arm64 | 2.2.1 | 13.00 | OK | |||
r-oldrel-macos-x86_64 | 2.2.1 | 18.00 | OK | |||
r-oldrel-windows-x86_64 | 2.2.1 | 2.00 | 35.00 | 37.00 | OK |
Version: 2.2.1
Check: CRAN incoming feasibility
Result: NOTE
Maintainer: ‘Louis Bergelson <louisb@broadinstitute.org>’
No Authors@R field in DESCRIPTION.
Please add one, modifying
Authors@R: c(person(given = "Kiran",
family = "Garimella",
role = "aut"),
person(given = "Louis",
family = "Bergelson",
role = "cre",
email = "louisb@broadinstitute.org"))
as necessary.
Flavors: r-devel-linux-x86_64-debian-clang, r-devel-linux-x86_64-debian-gcc