Last updated on 2025-05-02 03:51:10 CEST.
Flavor | Version | Tinstall | Tcheck | Ttotal | Status | Flags |
---|---|---|---|---|---|---|
r-devel-linux-x86_64-debian-clang | 0.1.2 | 6.06 | 56.04 | 62.10 | NOTE | |
r-devel-linux-x86_64-debian-gcc | 0.1.2 | 4.31 | 41.47 | 45.78 | NOTE | |
r-devel-linux-x86_64-fedora-clang | 0.1.2 | 87.21 | OK | |||
r-devel-linux-x86_64-fedora-gcc | 0.1.2 | 85.89 | OK | |||
r-devel-windows-x86_64 | 0.1.2 | 7.00 | 72.00 | 79.00 | OK | |
r-patched-linux-x86_64 | 0.1.2 | 5.65 | 52.63 | 58.28 | OK | |
r-release-linux-x86_64 | OK | |||||
r-release-macos-arm64 | 0.1.2 | 38.00 | OK | |||
r-release-macos-x86_64 | 0.1.2 | 49.00 | OK | |||
r-release-windows-x86_64 | 0.1.2 | 8.00 | 81.00 | 89.00 | OK | |
r-oldrel-macos-arm64 | 0.1.2 | 28.00 | OK | |||
r-oldrel-macos-x86_64 | 0.1.2 | 53.00 | OK | |||
r-oldrel-windows-x86_64 | 0.1.2 | 9.00 | 83.00 | 92.00 | OK |
Version: 0.1.2
Check: CRAN incoming feasibility
Result: NOTE
Maintainer: ‘Arne B. Gjuvsland <arne.gjuvsland@nmbu.no>’
No Authors@R field in DESCRIPTION.
Please add one, modifying
Authors@R: c(person(given = c("Arne", "B."),
family = "Gjuvsland",
role = c("aut", "cre"),
email = "arne.gjuvsland@nmbu.no"),
person(given = "Yunpeng",
family = "Wang",
role = "aut",
email = "yunpeng.wng@gmail.com"))
as necessary.
Flavors: r-devel-linux-x86_64-debian-clang, r-devel-linux-x86_64-debian-gcc