CRAN Package Check Results for Package gnFit

Last updated on 2025-05-02 03:51:10 CEST.

Flavor Version Tinstall Tcheck Ttotal Status Flags
r-devel-linux-x86_64-debian-clang 0.2.0 6.34 52.52 58.86 NOTE
r-devel-linux-x86_64-debian-gcc 0.2.0 4.66 41.12 45.78 NOTE
r-devel-linux-x86_64-fedora-clang 0.2.0 90.87 OK
r-devel-linux-x86_64-fedora-gcc 0.2.0 90.46 OK
r-devel-windows-x86_64 0.2.0 7.00 158.00 165.00 OK
r-patched-linux-x86_64 0.2.0 5.65 51.11 56.76 OK
r-release-linux-x86_64 OK
r-release-macos-arm64 0.2.0 37.00 OK
r-release-macos-x86_64 0.2.0 54.00 OK
r-release-windows-x86_64 0.2.0 7.00 76.00 83.00 OK
r-oldrel-macos-arm64 0.2.0 30.00 NOTE
r-oldrel-macos-x86_64 0.2.0 47.00 NOTE
r-oldrel-windows-x86_64 0.2.0 9.00 81.00 90.00 NOTE

Check Details

Version: 0.2.0
Check: CRAN incoming feasibility
Result: NOTE Maintainer: ‘Ali Saeb <ali.saeb@gmail.com>’ No Authors@R field in DESCRIPTION. Please add one, modifying Authors@R: person(given = "Ali", family = "Saeb", role = c("aut", "cre"), email = "ali.saeb@gmail.com") as necessary. Flavors: r-devel-linux-x86_64-debian-clang, r-devel-linux-x86_64-debian-gcc

Version: 0.2.0
Check: LazyData
Result: NOTE 'LazyData' is specified without a 'data' directory Flavors: r-oldrel-macos-arm64, r-oldrel-macos-x86_64, r-oldrel-windows-x86_64