Last updated on 2025-11-24 03:50:36 CET.
| Flavor | Version | Tinstall | Tcheck | Ttotal | Status | Flags |
|---|---|---|---|---|---|---|
| r-devel-linux-x86_64-debian-clang | 0.36.2 | 15.47 | 72.00 | 87.47 | OK | |
| r-devel-linux-x86_64-debian-gcc | 0.36.2 | 12.60 | 51.27 | 63.87 | OK | |
| r-devel-linux-x86_64-fedora-clang | 0.36.2 | 33.00 | 89.31 | 122.31 | OK | |
| r-devel-linux-x86_64-fedora-gcc | 0.36.2 | 32.00 | 81.15 | 113.15 | OK | |
| r-devel-windows-x86_64 | 0.36.2 | 58.00 | 135.00 | 193.00 | OK | |
| r-patched-linux-x86_64 | 0.36.2 | 16.07 | 66.44 | 82.51 | OK | |
| r-release-linux-x86_64 | 0.36.2 | 13.69 | 65.71 | 79.40 | OK | |
| r-release-macos-arm64 | 0.36.2 | OK | ||||
| r-release-macos-x86_64 | 0.36.2 | 15.00 | 70.00 | 85.00 | OK | |
| r-release-windows-x86_64 | 0.36.2 | 43.00 | 159.00 | 202.00 | OK | |
| r-oldrel-macos-arm64 | 0.36.2 | NOTE | ||||
| r-oldrel-macos-x86_64 | 0.36.2 | 15.00 | 89.00 | 104.00 | NOTE | |
| r-oldrel-windows-x86_64 | 0.36.2 | 51.00 | 142.00 | 193.00 | OK |
Version: 0.36.2
Check: installed package size
Result: NOTE
installed size is 7.2Mb
sub-directories of 1Mb or more:
libs 6.8Mb
Flavors: r-oldrel-macos-arm64, r-oldrel-macos-x86_64