Last updated on 2025-05-02 03:51:10 CEST.
Flavor | Version | Tinstall | Tcheck | Ttotal | Status | Flags |
---|---|---|---|---|---|---|
r-devel-linux-x86_64-debian-clang | 0.8.0 | 3.29 | 50.67 | 53.96 | NOTE | |
r-devel-linux-x86_64-debian-gcc | 0.8.0 | 2.35 | 41.49 | 43.84 | NOTE | |
r-devel-linux-x86_64-fedora-clang | 0.8.0 | 83.14 | OK | |||
r-devel-linux-x86_64-fedora-gcc | 0.8.0 | 97.28 | OK | |||
r-devel-windows-x86_64 | 0.8.0 | 5.00 | 172.00 | 177.00 | OK | |
r-patched-linux-x86_64 | 0.8.0 | 3.24 | 49.28 | 52.52 | OK | |
r-release-linux-x86_64 | OK | |||||
r-release-macos-arm64 | 0.8.0 | 50.00 | OK | |||
r-release-macos-x86_64 | 0.8.0 | 74.00 | OK | |||
r-release-windows-x86_64 | 0.8.0 | 5.00 | 164.00 | 169.00 | OK | |
r-oldrel-macos-arm64 | 0.8.0 | 50.00 | NOTE | |||
r-oldrel-macos-x86_64 | 0.8.0 | 65.00 | NOTE | |||
r-oldrel-windows-x86_64 | 0.8.0 | 5.00 | 209.00 | 214.00 | NOTE |
Version: 0.8.0
Check: CRAN incoming feasibility
Result: NOTE
Maintainer: ‘John Muschelli <muschellij2@gmail.com>’
No Authors@R field in DESCRIPTION.
Please add one, modifying
Authors@R: person(given = "John",
family = "Muschelli",
role = c("aut", "cre"),
email = "muschellij2@gmail.com")
as necessary.
Flavors: r-devel-linux-x86_64-debian-clang, r-devel-linux-x86_64-debian-gcc
Version: 0.8.0
Check: LazyData
Result: NOTE
'LazyData' is specified without a 'data' directory
Flavors: r-oldrel-macos-arm64, r-oldrel-macos-x86_64, r-oldrel-windows-x86_64