Last updated on 2025-11-21 03:51:42 CET.
| Flavor | Version | Tinstall | Tcheck | Ttotal | Status | Flags |
|---|---|---|---|---|---|---|
| r-devel-linux-x86_64-debian-clang | 1.1.0 | 29.72 | 216.18 | 245.90 | NOTE | |
| r-devel-linux-x86_64-debian-gcc | 1.1.0 | 19.01 | 151.62 | 170.63 | NOTE | |
| r-devel-linux-x86_64-fedora-clang | 1.1.0 | 263.00 | 168.22 | 431.22 | NOTE | |
| r-devel-linux-x86_64-fedora-gcc | 1.1.0 | 183.00 | 248.88 | 431.88 | NOTE | |
| r-devel-windows-x86_64 | 1.1.0 | 35.00 | 235.00 | 270.00 | OK | |
| r-patched-linux-x86_64 | 1.1.0 | 31.63 | 204.61 | 236.24 | OK | |
| r-release-linux-x86_64 | 1.1.0 | 30.34 | 200.51 | 230.85 | OK | |
| r-release-macos-arm64 | 1.1.0 | OK | ||||
| r-release-macos-x86_64 | 1.1.0 | 24.00 | 191.00 | 215.00 | OK | |
| r-release-windows-x86_64 | 1.1.0 | 30.00 | 251.00 | 281.00 | OK | |
| r-oldrel-macos-arm64 | 1.1.0 | OK | ||||
| r-oldrel-macos-x86_64 | 1.1.0 | 19.00 | 148.00 | 167.00 | OK | |
| r-oldrel-windows-x86_64 | 1.1.0 | 40.00 | 290.00 | 330.00 | OK |
Version: 1.1.0
Check: CRAN incoming feasibility
Result: NOTE
Maintainer: ‘Giona Casiraghi <giona@ethz.ch>’
The Description field contains
Schweitzer, F. (2016) <arXiv:1607.02441>. Casiraghi, G., Nanumyan, V.,
Casiraghi, G., (2017) <arXiv:1702.02048> Brandenberger, L., Casiraghi,
Please refer to arXiv e-prints via their arXiv DOI <doi:10.48550/arXiv.YYMM.NNNNN>.
Flavors: r-devel-linux-x86_64-debian-clang, r-devel-linux-x86_64-debian-gcc
Version: 1.1.0
Check: dependencies in R code
Result: NOTE
Namespace in Imports field not imported from: ‘methods’
All declared Imports should be used.
Flavors: r-devel-linux-x86_64-fedora-clang, r-devel-linux-x86_64-fedora-gcc