CRAN Package Check Results for Package ggsem

Last updated on 2025-05-02 03:51:10 CEST.

Flavor Version Tinstall Tcheck Ttotal Status Flags
r-devel-linux-x86_64-debian-clang 0.2.4 14.60 134.01 148.61 NOTE
r-devel-linux-x86_64-debian-gcc 0.2.4 11.24 93.20 104.44 OK
r-devel-linux-x86_64-fedora-clang 0.2.4 218.35 OK
r-devel-linux-x86_64-fedora-gcc 0.2.4 212.68 OK
r-devel-windows-x86_64 0.2.4 16.00 128.00 144.00 OK
r-patched-linux-x86_64 0.2.4 14.31 122.91 137.22 OK
r-release-linux-x86_64 OK
r-release-macos-arm64 0.2.4 59.00 OK
r-release-macos-x86_64 0.2.4 70.00 OK
r-release-windows-x86_64 0.2.4 18.00 139.00 157.00 OK
r-oldrel-macos-arm64 0.2.4 55.00 OK
r-oldrel-macos-x86_64 0.2.4 85.00 OK
r-oldrel-windows-x86_64 0.2.4 22.00 161.00 183.00 OK

Check Details

Version: 0.2.4
Check: examples
Result: NOTE Examples with CPU (user + system) or elapsed time > 5s user system elapsed draw_lines 5.680 0.072 7.267 adjust_axis_range 4.366 0.142 5.202 adjust_axis_space 4.406 0.091 5.377 Flavor: r-devel-linux-x86_64-debian-clang