Last updated on 2025-05-02 03:51:09 CEST.
Flavor | Version | Tinstall | Tcheck | Ttotal | Status | Flags |
---|---|---|---|---|---|---|
r-devel-linux-x86_64-debian-clang | 4.0.1 | 11.52 | 76.63 | 88.15 | NOTE | |
r-devel-linux-x86_64-debian-gcc | 4.0.1 | 7.50 | 53.57 | 61.07 | OK | |
r-devel-linux-x86_64-fedora-clang | 4.0.1 | 126.53 | OK | |||
r-devel-linux-x86_64-fedora-gcc | 4.0.1 | 126.66 | OK | |||
r-devel-windows-x86_64 | 4.0.1 | 14.00 | 93.00 | 107.00 | OK | |
r-patched-linux-x86_64 | 4.0.1 | 13.20 | 70.90 | 84.10 | OK | |
r-release-linux-x86_64 | OK | |||||
r-release-macos-arm64 | 4.0.1 | 38.00 | OK | |||
r-release-macos-x86_64 | 4.0.1 | 66.00 | OK | |||
r-release-windows-x86_64 | 4.0.1 | 14.00 | 105.00 | 119.00 | OK | |
r-oldrel-macos-arm64 | 4.0.1 | 50.00 | OK | |||
r-oldrel-macos-x86_64 | 4.0.1 | 69.00 | OK | |||
r-oldrel-windows-x86_64 | 4.0.1 | 17.00 | 113.00 | 130.00 | OK |
Version: 4.0.1
Check: examples
Result: NOTE
Examples with CPU (user + system) or elapsed time > 5s
user system elapsed
theme_nothing 2.392 0.012 5.39
Flavor: r-devel-linux-x86_64-debian-clang