Last updated on 2025-05-02 03:51:09 CEST.
Flavor | Version | Tinstall | Tcheck | Ttotal | Status | Flags |
---|---|---|---|---|---|---|
r-devel-linux-x86_64-debian-clang | 1.0.1 | 5.29 | 46.83 | 52.12 | NOTE | |
r-devel-linux-x86_64-debian-gcc | 1.0.1 | 3.43 | 33.29 | 36.72 | OK | |
r-devel-linux-x86_64-fedora-clang | 1.0.1 | 70.56 | OK | |||
r-devel-linux-x86_64-fedora-gcc | 1.0.1 | 70.22 | OK | |||
r-devel-windows-x86_64 | 1.0.1 | 6.00 | 67.00 | 73.00 | OK | |
r-patched-linux-x86_64 | 1.0.1 | 4.47 | 42.31 | 46.78 | OK | |
r-release-linux-x86_64 | OK | |||||
r-release-macos-arm64 | 1.0.1 | 29.00 | OK | |||
r-release-macos-x86_64 | 1.0.1 | 45.00 | OK | |||
r-release-windows-x86_64 | 1.0.1 | 7.00 | 65.00 | 72.00 | OK | |
r-oldrel-macos-arm64 | 1.0.1 | 25.00 | NOTE | |||
r-oldrel-macos-x86_64 | 1.0.1 | 36.00 | NOTE | |||
r-oldrel-windows-x86_64 | 1.0.1 | 9.00 | 71.00 | 80.00 | NOTE |
Version: 1.0.1
Check: examples
Result: NOTE
Examples with CPU (user + system) or elapsed time > 5s
user system elapsed
gggap 4.073 0.123 5.74
Flavor: r-devel-linux-x86_64-debian-clang
Version: 1.0.1
Check: LazyData
Result: NOTE
'LazyData' is specified without a 'data' directory
Flavors: r-oldrel-macos-arm64, r-oldrel-macos-x86_64, r-oldrel-windows-x86_64