Last updated on 2025-05-17 03:49:07 CEST.
Flavor | Version | Tinstall | Tcheck | Ttotal | Status | Flags |
---|---|---|---|---|---|---|
r-devel-linux-x86_64-debian-clang | 0.1.2 | 5.96 | 52.97 | 58.93 | NOTE | |
r-devel-linux-x86_64-debian-gcc | 0.1.2 | 4.55 | 37.32 | 41.87 | NOTE | |
r-devel-linux-x86_64-fedora-clang | 0.1.2 | 88.34 | NOTE | |||
r-devel-linux-x86_64-fedora-gcc | 0.1.2 | 89.49 | NOTE | |||
r-devel-windows-x86_64 | 0.1.2 | 10.00 | 66.00 | 76.00 | NOTE | |
r-patched-linux-x86_64 | 0.1.2 | 6.42 | 47.21 | 53.63 | NOTE | |
r-release-linux-x86_64 | 0.1.2 | 6.54 | 46.88 | 53.42 | NOTE | |
r-release-macos-arm64 | 0.1.2 | 27.00 | NOTE | |||
r-release-macos-x86_64 | 0.1.2 | 45.00 | NOTE | |||
r-release-windows-x86_64 | 0.1.2 | 9.00 | 65.00 | 74.00 | NOTE | |
r-oldrel-macos-arm64 | 0.1.2 | 29.00 | OK | |||
r-oldrel-macos-x86_64 | 0.1.2 | 49.00 | OK | |||
r-oldrel-windows-x86_64 | 0.1.2 | 11.00 | 77.00 | 88.00 | OK |
Version: 0.1.2
Check: DESCRIPTION meta-information
Result: NOTE
Missing dependency on R >= 4.1.0 because package code uses the pipe
|> or function shorthand \(...) syntax added in R 4.1.0.
File(s) using such syntax:
‘lib.R’
Flavors: r-devel-linux-x86_64-debian-clang, r-devel-linux-x86_64-debian-gcc, r-devel-linux-x86_64-fedora-clang, r-devel-linux-x86_64-fedora-gcc, r-devel-windows-x86_64, r-patched-linux-x86_64, r-release-linux-x86_64, r-release-macos-arm64, r-release-macos-x86_64, r-release-windows-x86_64