CRAN Package Check Results for Package ggdag

Last updated on 2025-05-02 03:51:09 CEST.

Flavor Version Tinstall Tcheck Ttotal Status Flags
r-devel-linux-x86_64-debian-clang 0.2.13 11.39 178.54 189.93 NOTE
r-devel-linux-x86_64-debian-gcc 0.2.13 6.16 121.40 127.56 OK
r-devel-linux-x86_64-fedora-clang 0.2.13 274.99 OK
r-devel-linux-x86_64-fedora-gcc 0.2.13 285.70 OK
r-devel-windows-x86_64 0.2.13 12.00 174.00 186.00 OK
r-patched-linux-x86_64 0.2.13 11.24 165.86 177.10 OK
r-release-linux-x86_64 OK
r-release-macos-arm64 0.2.13 105.00 OK
r-release-macos-x86_64 0.2.13 228.00 OK
r-release-windows-x86_64 0.2.13 14.00 187.00 201.00 OK
r-oldrel-macos-arm64 0.2.13 81.00 OK
r-oldrel-macos-x86_64 0.2.13 242.00 OK
r-oldrel-windows-x86_64 0.2.13 14.00 216.00 230.00 OK

Check Details

Version: 0.2.13
Check: examples
Result: NOTE Examples with CPU (user + system) or elapsed time > 5s user system elapsed variable_family 3.827 0.019 5.281 d_relationship 3.599 0.000 5.625 time_ordered_coords 1.169 0.012 8.042 canonicalize 0.976 0.047 6.380 Flavor: r-devel-linux-x86_64-debian-clang