Last updated on 2025-11-04 03:50:52 CET.
| Flavor | Version | Tinstall | Tcheck | Ttotal | Status | Flags | 
|---|---|---|---|---|---|---|
| r-devel-linux-x86_64-debian-clang | 0.1 | 19.44 | 156.91 | 176.35 | NOTE | |
| r-devel-linux-x86_64-debian-gcc | 0.1 | 15.17 | 113.70 | 128.87 | NOTE | |
| r-devel-linux-x86_64-fedora-clang | 0.1 | 81.00 | 206.51 | 287.51 | OK | |
| r-devel-linux-x86_64-fedora-gcc | 0.1 | 93.00 | 175.35 | 268.35 | OK | |
| r-devel-windows-x86_64 | 0.1 | 20.00 | 134.00 | 154.00 | OK | |
| r-patched-linux-x86_64 | 0.1 | 18.42 | 145.74 | 164.16 | OK | |
| r-release-linux-x86_64 | 0.1 | 0.27 | 1.91 | 2.18 | ERROR | |
| r-release-macos-arm64 | 0.1 | 8.00 | 55.00 | 63.00 | OK | |
| r-release-macos-x86_64 | 0.1 | 6.00 | ERROR | |||
| r-release-windows-x86_64 | 0.1 | 20.00 | 131.00 | 151.00 | OK | |
| r-oldrel-macos-arm64 | 0.1 | 9.00 | 60.00 | 69.00 | OK | |
| r-oldrel-macos-x86_64 | 0.1 | 17.00 | 84.00 | 101.00 | OK | |
| r-oldrel-windows-x86_64 | 0.1 | 26.00 | 178.00 | 204.00 | OK | 
Version: 0.1
Check: CRAN incoming feasibility
Result: NOTE
  Maintainer: ‘Mohamed Soudy <MohmedSoudy2009@gmail.com>’
  
  No Authors@R field in DESCRIPTION.
  Please add one, modifying
    Authors@R: person(given = "Mohamed",
                      family = "Soudy",
                      role = c("aut", "cre"),
                      email = "mohmedsoudy2009@gmail.com")
  as necessary.
Flavors: r-devel-linux-x86_64-debian-clang, r-devel-linux-x86_64-debian-gcc
Version: 0.1
Check: package dependencies
Result: ERROR
  Package required but not available: ‘ggmsa’
  
  See section ‘The DESCRIPTION file’ in the ‘Writing R Extensions’
  manual.
Flavors: r-release-linux-x86_64, r-release-macos-x86_64