Last updated on 2025-05-03 03:51:58 CEST.
Flavor | Version | Tinstall | Tcheck | Ttotal | Status | Flags |
---|---|---|---|---|---|---|
r-devel-linux-x86_64-debian-clang | 1.0.1 | 24.24 | 192.73 | 216.97 | OK | |
r-devel-linux-x86_64-debian-gcc | 1.0.1 | 16.02 | 124.89 | 140.91 | OK | |
r-devel-linux-x86_64-fedora-clang | 1.0.1 | 322.34 | OK | |||
r-devel-linux-x86_64-fedora-gcc | 1.0.1 | 309.62 | OK | |||
r-devel-windows-x86_64 | 1.0.1 | 26.00 | 199.00 | 225.00 | OK | |
r-patched-linux-x86_64 | 1.0.1 | 24.87 | 179.56 | 204.43 | OK | |
r-release-linux-x86_64 | OK | |||||
r-release-macos-arm64 | 1.0.1 | 81.00 | OK | |||
r-release-macos-x86_64 | 1.0.1 | 261.00 | OK | |||
r-release-windows-x86_64 | 1.0.1 | 26.00 | 199.00 | 225.00 | OK | |
r-oldrel-macos-arm64 | 1.0.1 | 87.00 | OK | |||
r-oldrel-macos-x86_64 | 1.0.1 | 226.00 | NOTE | |||
r-oldrel-windows-x86_64 | 1.0.1 | 33.00 | 253.00 | 286.00 | OK |
Version: 1.0.1
Check: package dependencies
Result: NOTE
Package suggested but not available for checking: ‘ragg’
Flavor: r-oldrel-macos-x86_64