Last updated on 2025-11-16 03:49:57 CET.
| Flavor | Version | Tinstall | Tcheck | Ttotal | Status | Flags |
|---|---|---|---|---|---|---|
| r-devel-linux-x86_64-debian-clang | 1.5-20 | 66.33 | 80.73 | 147.06 | OK | |
| r-devel-linux-x86_64-debian-gcc | 1.5-20 | 48.96 | 57.91 | 106.87 | NOTE | |
| r-devel-linux-x86_64-fedora-clang | 1.5-20 | 374.00 | -55.28 | 318.72 | OK | |
| r-devel-linux-x86_64-fedora-gcc | 1.5-20 | 177.00 | 99.08 | 276.08 | OK | |
| r-devel-windows-x86_64 | 1.5-20 | 111.00 | 132.00 | 243.00 | OK | |
| r-patched-linux-x86_64 | 1.5-20 | 64.47 | 77.28 | 141.75 | OK | |
| r-release-linux-x86_64 | 1.5-20 | 65.89 | 76.75 | 142.64 | OK | |
| r-release-macos-arm64 | 1.5-20 | 23.00 | 43.00 | 66.00 | OK | |
| r-release-macos-x86_64 | 1.5-20 | 26.00 | 93.00 | 119.00 | OK | |
| r-release-windows-x86_64 | 1.5-20 | 98.00 | 122.00 | 220.00 | OK | |
| r-oldrel-macos-arm64 | 1.5-20 | 28.00 | 52.00 | 80.00 | NOTE | |
| r-oldrel-macos-x86_64 | 1.5-20 | 25.00 | 97.00 | 122.00 | NOTE | |
| r-oldrel-windows-x86_64 | 1.5-20 | 102.00 | 151.00 | 253.00 | OK |
Version: 1.5-20
Check: CRAN incoming feasibility
Result: NOTE
Maintainer: ‘Robert J. Hijmans <r.hijmans@gmail.com>’
The BugReports field in DESCRIPTION has
https://github.com/rspatial/geosphere/issues/
which should likely be
https://github.com/rspatial/geosphere/issues/issues
instead.
Flavor: r-devel-linux-x86_64-debian-gcc
Version: 1.5-20
Check: installed package size
Result: NOTE
installed size is 6.1Mb
sub-directories of 1Mb or more:
libs 5.1Mb
Flavors: r-oldrel-macos-arm64, r-oldrel-macos-x86_64