Last updated on 2025-07-25 03:51:24 CEST.
Flavor | Version | Tinstall | Tcheck | Ttotal | Status | Flags |
---|---|---|---|---|---|---|
r-devel-linux-x86_64-debian-clang | 0.5.0 | 5.12 | 44.16 | 49.28 | NOTE | |
r-devel-linux-x86_64-debian-gcc | 0.6.0 | 3.88 | 36.22 | 40.10 | OK | |
r-devel-linux-x86_64-fedora-clang | 0.6.0 | 80.45 | OK | |||
r-devel-linux-x86_64-fedora-gcc | 0.6.0 | 81.00 | OK | |||
r-devel-windows-x86_64 | 0.6.0 | 8.00 | 59.00 | 67.00 | OK | |
r-patched-linux-x86_64 | 0.5.0 | 4.50 | 41.21 | 45.71 | NOTE | |
r-release-linux-x86_64 | 0.5.0 | 5.03 | 41.30 | 46.33 | NOTE | |
r-release-macos-arm64 | 0.5.0 | 26.00 | OK | |||
r-release-macos-x86_64 | 0.6.0 | 45.00 | OK | |||
r-release-windows-x86_64 | 0.6.0 | 7.00 | 60.00 | 67.00 | OK | |
r-oldrel-macos-arm64 | 0.5.0 | 24.00 | OK | |||
r-oldrel-macos-x86_64 | 0.6.0 | 48.00 | OK | |||
r-oldrel-windows-x86_64 | 0.5.0 | 8.00 | 66.00 | 74.00 | OK |
Version: 0.5.0
Check: Rd cross-references
Result: NOTE
Found the following Rd file(s) with Rd \link{} targets missing package
anchors:
plot.geonetwork.Rd: plot_sf
Please provide package anchors for all Rd \link{} targets not in the
package itself and the base packages.
Flavors: r-devel-linux-x86_64-debian-clang, r-patched-linux-x86_64, r-release-linux-x86_64