CRAN Package Check Results for Package geonames

Last updated on 2025-11-20 03:50:10 CET.

Flavor Version Tinstall Tcheck Ttotal Status Flags
r-devel-linux-x86_64-debian-clang 0.999 1.98 21.92 23.90 NOTE
r-devel-linux-x86_64-debian-gcc 0.999 1.55 17.83 19.38 NOTE
r-devel-linux-x86_64-fedora-clang 0.999 34.04 OK
r-devel-linux-x86_64-fedora-gcc 0.999 32.32 OK
r-devel-windows-x86_64 0.999 4.00 42.00 46.00 OK
r-patched-linux-x86_64 0.999 2.34 19.83 22.17 OK
r-release-linux-x86_64 0.999 1.95 19.86 21.81 OK
r-release-macos-arm64 0.999 OK
r-release-macos-x86_64 0.999 3.00 24.00 27.00 OK
r-release-windows-x86_64 0.999 3.00 41.00 44.00 OK
r-oldrel-macos-arm64 0.999 OK
r-oldrel-macos-x86_64 0.999 1.00 22.00 23.00 OK
r-oldrel-windows-x86_64 0.999 3.00 44.00 47.00 OK

Check Details

Version: 0.999
Check: CRAN incoming feasibility
Result: NOTE Maintainer: ‘Barry Rowlingson <b.rowlingson@gmail.com>’ No Authors@R field in DESCRIPTION. Please add one, modifying Authors@R: person(given = "Barry", family = "Rowlingson", role = c("aut", "cre"), email = "b.rowlingson@gmail.com") as necessary. Flavors: r-devel-linux-x86_64-debian-clang, r-devel-linux-x86_64-debian-gcc