Last updated on 2025-10-02 03:50:31 CEST.
Flavor | Version | Tinstall | Tcheck | Ttotal | Status | Flags |
---|---|---|---|---|---|---|
r-devel-linux-x86_64-debian-clang | 19.05.24 | 10.07 | 83.22 | 93.29 | NOTE | |
r-devel-linux-x86_64-debian-gcc | 19.05.24 | 7.01 | 59.14 | 66.15 | NOTE | |
r-devel-linux-x86_64-fedora-clang | 19.05.24 | 141.22 | OK | |||
r-devel-linux-x86_64-fedora-gcc | 19.05.24 | 136.75 | OK | |||
r-devel-windows-x86_64 | 19.05.24 | 11.00 | 87.00 | 98.00 | OK | |
r-patched-linux-x86_64 | 19.05.24 | 8.38 | 79.27 | 87.65 | OK | |
r-release-linux-x86_64 | 19.05.24 | 9.12 | 78.28 | 87.40 | OK | |
r-release-macos-arm64 | 19.05.24 | 45.00 | OK | |||
r-release-macos-x86_64 | 19.05.24 | 70.00 | OK | |||
r-release-windows-x86_64 | 19.05.24 | 11.00 | 86.00 | 97.00 | OK | |
r-oldrel-macos-arm64 | 19.05.24 | 34.00 | OK | |||
r-oldrel-macos-x86_64 | 19.05.24 | 56.00 | OK | |||
r-oldrel-windows-x86_64 | 19.05.24 | 15.00 | 112.00 | 127.00 | OK |
Version: 19.05.24
Check: CRAN incoming feasibility
Result: NOTE
Maintainer: ‘Hanjie Shen <shenhanjie0418@gmail.com>’
No Authors@R field in DESCRIPTION.
Please add one, modifying
Authors@R: c(person(given = "Hanjie",
family = "Shen",
role = c("aut", "cre"),
email = "shenhanjie0418@gmail.com"),
person(given = "Ruben",
family = "Carmona",
role = "aut",
email = "ruben.carmona13@gmail.com"),
person(given = "Loren",
family = "Mell",
role = "aut",
email = "lmell@ucsd.edu"))
as necessary.
Flavors: r-devel-linux-x86_64-debian-clang, r-devel-linux-x86_64-debian-gcc