Last updated on 2025-05-02 03:51:09 CEST.
Flavor | Version | Tinstall | Tcheck | Ttotal | Status | Flags |
---|---|---|---|---|---|---|
r-devel-linux-x86_64-debian-clang | 0.2 | 9.40 | 91.56 | 100.96 | NOTE | |
r-devel-linux-x86_64-debian-gcc | 0.2 | 6.65 | 67.34 | 73.99 | OK | |
r-devel-linux-x86_64-fedora-clang | 0.2 | 161.00 | OK | |||
r-devel-linux-x86_64-fedora-gcc | 0.2 | 150.10 | OK | |||
r-devel-windows-x86_64 | 0.2 | 10.00 | 101.00 | 111.00 | OK | |
r-patched-linux-x86_64 | 0.2 | 8.99 | 90.94 | 99.93 | OK | |
r-release-linux-x86_64 | OK | |||||
r-release-macos-arm64 | 0.2 | 52.00 | OK | |||
r-release-macos-x86_64 | 0.2 | 97.00 | OK | |||
r-release-windows-x86_64 | 0.2 | 10.00 | 96.00 | 106.00 | OK | |
r-oldrel-macos-arm64 | 0.2 | 52.00 | OK | |||
r-oldrel-macos-x86_64 | 0.2 | 104.00 | OK | |||
r-oldrel-windows-x86_64 | 0.2 | 12.00 | 124.00 | 136.00 | OK |
Version: 0.2
Check: examples
Result: NOTE
Examples with CPU (user + system) or elapsed time > 5s
user system elapsed
summary.gammi 6.845 0.107 8.379
plot.gammi 6.645 0.133 7.476
Flavor: r-devel-linux-x86_64-debian-clang