Last updated on 2025-11-23 03:48:44 CET.
| Flavor | Version | Tinstall | Tcheck | Ttotal | Status | Flags |
|---|---|---|---|---|---|---|
| r-devel-linux-x86_64-debian-clang | 0.1.0 | 5.01 | 62.09 | 67.10 | NOTE | |
| r-devel-linux-x86_64-debian-gcc | 0.1.0 | 3.85 | 42.70 | 46.55 | NOTE | |
| r-devel-linux-x86_64-fedora-clang | 0.1.0 | 15.00 | 92.88 | 107.88 | OK | |
| r-devel-linux-x86_64-fedora-gcc | 0.1.0 | 11.00 | 102.31 | 113.31 | OK | |
| r-devel-windows-x86_64 | 0.1.0 | 7.00 | 85.00 | 92.00 | OK | |
| r-patched-linux-x86_64 | 0.1.0 | 5.58 | 58.19 | 63.77 | OK | |
| r-release-linux-x86_64 | 0.1.0 | 4.96 | 59.41 | 64.37 | OK | |
| r-release-macos-arm64 | 0.1.0 | OK | ||||
| r-release-macos-x86_64 | 0.1.0 | 4.00 | 61.00 | 65.00 | OK | |
| r-release-windows-x86_64 | 0.1.0 | 7.00 | 88.00 | 95.00 | OK | |
| r-oldrel-macos-arm64 | 0.1.0 | OK | ||||
| r-oldrel-macos-x86_64 | 0.1.0 | 3.00 | 49.00 | 52.00 | OK | |
| r-oldrel-windows-x86_64 | 0.1.0 | 7.00 | 92.00 | 99.00 | OK |
Version: 0.1.0
Check: CRAN incoming feasibility
Result: NOTE
Maintainer: ‘Hoon Hwangbo <hhwangb1@utk.edu>’
The Description field contains
Hwangbo, Y. Ding, and D. Cabezon (2019) <arXiv:1906.05776>.
Please refer to arXiv e-prints via their arXiv DOI <doi:10.48550/arXiv.YYMM.NNNNN>.
Flavors: r-devel-linux-x86_64-debian-clang, r-devel-linux-x86_64-debian-gcc