Last updated on 2025-05-02 03:51:10 CEST.
Flavor | Version | Tinstall | Tcheck | Ttotal | Status | Flags |
---|---|---|---|---|---|---|
r-devel-linux-x86_64-debian-clang | 0.3.4 | 95.43 | 249.18 | 344.61 | NOTE | |
r-devel-linux-x86_64-debian-gcc | 0.3.4 | 67.29 | 164.39 | 231.68 | OK | |
r-devel-linux-x86_64-fedora-clang | 0.3.4 | 614.76 | OK | |||
r-devel-linux-x86_64-fedora-gcc | 0.3.4 | 557.36 | OK | |||
r-devel-windows-x86_64 | 0.3.4 | 112.00 | 229.00 | 341.00 | OK | |
r-patched-linux-x86_64 | 0.3.4 | 92.94 | 233.06 | 326.00 | OK | |
r-release-linux-x86_64 | OK | |||||
r-release-macos-arm64 | 0.3.4 | 136.00 | OK | |||
r-release-macos-x86_64 | 0.3.4 | 235.00 | OK | |||
r-release-windows-x86_64 | 0.3.4 | 109.00 | 230.00 | 339.00 | OK | |
r-oldrel-macos-arm64 | 0.3.4 | 139.00 | NOTE | |||
r-oldrel-macos-x86_64 | 0.3.4 | 232.00 | NOTE | |||
r-oldrel-windows-x86_64 | 0.3.4 | 129.00 | 327.00 | 456.00 | NOTE |
Version: 0.3.4
Check: examples
Result: NOTE
Examples with CPU (user + system) or elapsed time > 5s
user system elapsed
citest-ordinal 3.475 0.218 5.135
Flavor: r-devel-linux-x86_64-debian-clang
Version: 0.3.4
Check: installed package size
Result: NOTE
installed size is 9.7Mb
sub-directories of 1Mb or more:
libs 5.6Mb
supplementary_material 3.1Mb
Flavors: r-oldrel-macos-arm64, r-oldrel-macos-x86_64, r-oldrel-windows-x86_64