CRAN Package Check Results for Package gMWT

Last updated on 2025-05-02 03:51:10 CEST.

Flavor Version Tinstall Tcheck Ttotal Status Flags
r-devel-linux-x86_64-debian-clang 1.4 22.27 61.93 84.20 NOTE
r-devel-linux-x86_64-debian-gcc 1.4 16.17 40.40 56.57 OK
r-devel-linux-x86_64-fedora-clang 1.4 153.29 OK
r-devel-linux-x86_64-fedora-gcc 1.4 138.70 OK
r-devel-windows-x86_64 1.4 28.00 98.00 126.00 OK
r-patched-linux-x86_64 1.4 21.83 57.57 79.40 OK
r-release-linux-x86_64 OK
r-release-macos-arm64 1.4 40.00 OK
r-release-macos-x86_64 1.4 71.00 OK
r-release-windows-x86_64 1.4 29.00 92.00 121.00 OK
r-oldrel-macos-arm64 1.4 36.00 OK
r-oldrel-macos-x86_64 1.4 62.00 OK
r-oldrel-windows-x86_64 1.4 32.00 105.00 137.00 OK

Check Details

Version: 1.4
Check: examples
Result: NOTE Examples with CPU (user + system) or elapsed time > 5s user system elapsed getSigTests 7.179 0.051 8.328 Flavor: r-devel-linux-x86_64-debian-clang