CRAN Package Check Results for Package gJLS2

Last updated on 2025-07-28 03:51:14 CEST.

Flavor Version Tinstall Tcheck Ttotal Status Flags
r-devel-linux-x86_64-debian-clang 0.2.0 8.91 77.82 86.73 OK
r-devel-linux-x86_64-debian-gcc 0.2.0 6.21 59.35 65.56 OK
r-devel-linux-x86_64-fedora-clang 0.2.0 134.04 NOTE
r-devel-linux-x86_64-fedora-gcc 0.2.0 143.16 NOTE
r-devel-windows-x86_64 0.2.0 11.00 97.00 108.00 OK
r-patched-linux-x86_64 0.2.0 8.90 73.99 82.89 OK
r-release-linux-x86_64 0.2.0 8.21 75.27 83.48 OK
r-release-macos-arm64 0.2.0 81.00 OK
r-release-macos-x86_64 0.2.0 84.00 OK
r-release-windows-x86_64 0.2.0 10.00 86.00 96.00 OK
r-oldrel-macos-arm64 0.2.0 46.00 OK
r-oldrel-macos-x86_64 0.2.0 69.00 OK
r-oldrel-windows-x86_64 0.2.0 12.00 105.00 117.00 OK

Check Details

Version: 0.2.0
Check: dependencies in R code
Result: NOTE Namespaces in Imports field not imported from: ‘MASS’ ‘MCMCpack’ ‘ggplot2’ ‘moments’ All declared Imports should be used. Flavors: r-devel-linux-x86_64-fedora-clang, r-devel-linux-x86_64-fedora-gcc