Last updated on 2025-11-16 03:49:57 CET.
| Flavor | Version | Tinstall | Tcheck | Ttotal | Status | Flags |
|---|---|---|---|---|---|---|
| r-devel-linux-x86_64-debian-clang | 0.1.2 | 8.66 | 45.15 | 53.81 | OK | |
| r-devel-linux-x86_64-debian-gcc | 0.1.2 | 5.05 | 31.68 | 36.73 | OK | |
| r-devel-linux-x86_64-fedora-clang | 0.1.2 | 15.00 | 68.65 | 83.65 | NOTE | |
| r-devel-linux-x86_64-fedora-gcc | 0.1.2 | 15.00 | 61.78 | 76.78 | NOTE | |
| r-devel-windows-x86_64 | 0.1.2 | 11.00 | 56.00 | 67.00 | OK | |
| r-patched-linux-x86_64 | 0.1.2 | 8.06 | 43.10 | 51.16 | OK | |
| r-release-linux-x86_64 | 0.1.2 | 6.85 | 42.76 | 49.61 | OK | |
| r-release-macos-arm64 | 0.1.2 | 5.00 | 28.00 | 33.00 | OK | |
| r-release-macos-x86_64 | 0.1.2 | 10.00 | 45.00 | 55.00 | OK | |
| r-release-windows-x86_64 | 0.1.2 | 10.00 | 56.00 | 66.00 | OK | |
| r-oldrel-macos-arm64 | 0.1.2 | 4.00 | 22.00 | 26.00 | OK | |
| r-oldrel-macos-x86_64 | 0.1.2 | 6.00 | 35.00 | 41.00 | OK | |
| r-oldrel-windows-x86_64 | 0.1.2 | 12.00 | 72.00 | 84.00 | OK |
Version: 0.1.2
Check: dependencies in R code
Result: NOTE
Namespaces in Imports field not imported from:
‘bigalgebra’ ‘biganalytics’
All declared Imports should be used.
Flavors: r-devel-linux-x86_64-fedora-clang, r-devel-linux-x86_64-fedora-gcc