Last updated on 2025-05-01 03:49:50 CEST.
Flavor | Version | Tinstall | Tcheck | Ttotal | Status | Flags |
---|---|---|---|---|---|---|
r-devel-linux-x86_64-debian-clang | 0.3.2 | 1.81 | 20.21 | 22.02 | OK | |
r-devel-linux-x86_64-debian-gcc | 0.3.2 | 1.34 | 16.13 | 17.47 | OK | |
r-devel-linux-x86_64-fedora-clang | 0.3.2 | 33.83 | OK | |||
r-devel-linux-x86_64-fedora-gcc | 0.3.2 | 32.14 | OK | |||
r-devel-windows-x86_64 | 0.3.2 | 2.00 | 61.00 | 63.00 | OK | |
r-patched-linux-x86_64 | 0.3.2 | 1.55 | 18.82 | 20.37 | OK | |
r-release-linux-x86_64 | 0.3.2 | 1.64 | 18.93 | 20.57 | OK | |
r-release-macos-arm64 | 0.3.2 | 17.00 | OK | |||
r-release-macos-x86_64 | 0.3.2 | 27.00 | OK | |||
r-release-windows-x86_64 | 0.3.2 | 3.00 | 53.00 | 56.00 | OK | |
r-oldrel-macos-arm64 | 0.3.2 | 16.00 | NOTE | |||
r-oldrel-macos-x86_64 | 0.3.2 | 24.00 | NOTE | |||
r-oldrel-windows-x86_64 | 0.3.2 | 2.00 | 45.00 | 47.00 | NOTE |
Version: 0.3.2
Check: LazyData
Result: NOTE
'LazyData' is specified without a 'data' directory
Flavors: r-oldrel-macos-arm64, r-oldrel-macos-x86_64, r-oldrel-windows-x86_64