Last updated on 2025-11-20 03:50:09 CET.
| Flavor | Version | Tinstall | Tcheck | Ttotal | Status | Flags |
|---|---|---|---|---|---|---|
| r-devel-linux-x86_64-debian-clang | 0.4.5 | 8.29 | 68.92 | 77.21 | NOTE | |
| r-devel-linux-x86_64-debian-gcc | 0.4.5 | 5.69 | 48.63 | 54.32 | NOTE | |
| r-devel-linux-x86_64-fedora-clang | 0.4.5 | 58.00 | 62.69 | 120.69 | OK | |
| r-devel-linux-x86_64-fedora-gcc | 0.4.5 | 15.00 | 87.43 | 102.43 | OK | |
| r-devel-windows-x86_64 | 0.4.5 | 12.00 | 82.00 | 94.00 | OK | |
| r-patched-linux-x86_64 | 0.4.5 | 7.78 | 63.27 | 71.05 | OK | |
| r-release-linux-x86_64 | 0.4.5 | 7.43 | 62.70 | 70.13 | OK | |
| r-release-macos-arm64 | 0.4.5 | OK | ||||
| r-release-macos-x86_64 | 0.4.5 | 6.00 | 55.00 | 61.00 | OK | |
| r-release-windows-x86_64 | 0.4.5 | 8.00 | 85.00 | 93.00 | OK | |
| r-oldrel-macos-arm64 | 0.4.5 | OK | ||||
| r-oldrel-macos-x86_64 | 0.4.5 | 6.00 | 47.00 | 53.00 | OK | |
| r-oldrel-windows-x86_64 | 0.4.5 | 12.00 | 100.00 | 112.00 | OK |
Version: 0.4.5
Check: CRAN incoming feasibility
Result: NOTE
Maintainer: ‘Carlos Miranda <carlos.miranda@unavarra.es>’
No Authors@R field in DESCRIPTION.
Please add one, modifying
Authors@R: person(given = "Carlos",
family = "Miranda",
role = c("aut", "cre"),
email = "carlos.miranda@unavarra.es")
as necessary.
Flavors: r-devel-linux-x86_64-debian-clang, r-devel-linux-x86_64-debian-gcc