Last updated on 2025-11-24 03:50:34 CET.
| Flavor | Version | Tinstall | Tcheck | Ttotal | Status | Flags |
|---|---|---|---|---|---|---|
| r-devel-linux-x86_64-debian-clang | 1.0.2 | 11.55 | 88.21 | 99.76 | OK | |
| r-devel-linux-x86_64-debian-gcc | 1.0.2 | 7.48 | 62.70 | 70.18 | OK | |
| r-devel-linux-x86_64-fedora-clang | 1.0.2 | 51.00 | 107.26 | 158.26 | OK | |
| r-devel-linux-x86_64-fedora-gcc | 1.0.2 | 46.00 | 103.51 | 149.51 | OK | |
| r-devel-windows-x86_64 | 1.0.2 | 13.00 | 101.00 | 114.00 | NOTE | |
| r-patched-linux-x86_64 | 1.0.2 | 11.42 | 81.12 | 92.54 | OK | |
| r-release-linux-x86_64 | 1.0.2 | 10.22 | 80.47 | 90.69 | OK | |
| r-release-macos-arm64 | 1.0.2 | OK | ||||
| r-release-macos-x86_64 | 1.0.2 | 10.00 | 80.00 | 90.00 | OK | |
| r-release-windows-x86_64 | 1.0.2 | 14.00 | 100.00 | 114.00 | OK | |
| r-oldrel-macos-arm64 | 1.0.2 | OK | ||||
| r-oldrel-macos-x86_64 | 1.0.2 | 11.00 | 72.00 | 83.00 | OK | |
| r-oldrel-windows-x86_64 | 1.0.2 | 18.00 | 124.00 | 142.00 | OK |
Version: 1.0.2
Check: Rd files
Result: NOTE
checkRd: (-1) aus_births.Rd:27-29: Only 2 columns allowed in this table (row 1 has 1)
checkRd: (-1) aus_migration.Rd:31-33: Only 2 columns allowed in this table (row 1 has 1)
checkRd: (-1) aus_tobacco.Rd:31-33: Only 2 columns allowed in this table (row 1 has 1)
checkRd: (-1) aus_vehicle_sales.Rd:28-30: Only 2 columns allowed in this table (row 1 has 1)
Flavor: r-devel-windows-x86_64