CRAN Package Check Results for Package forge

Last updated on 2025-05-02 03:51:08 CEST.

Flavor Version Tinstall Tcheck Ttotal Status Flags
r-devel-linux-x86_64-debian-clang 0.2.0 2.15 27.80 29.95 NOTE
r-devel-linux-x86_64-debian-gcc 0.2.0 1.78 21.56 23.34 NOTE
r-devel-linux-x86_64-fedora-clang 0.2.0 44.41 OK
r-devel-linux-x86_64-fedora-gcc 0.2.0 41.96 OK
r-devel-windows-x86_64 0.2.0 4.00 46.00 50.00 OK
r-patched-linux-x86_64 0.2.0 2.38 25.32 27.70 OK
r-release-linux-x86_64 OK
r-release-macos-arm64 0.2.0 19.00 OK
r-release-macos-x86_64 0.2.0 28.00 OK
r-release-windows-x86_64 0.2.0 4.00 53.00 57.00 OK
r-oldrel-macos-arm64 0.2.0 18.00 NOTE
r-oldrel-macos-x86_64 0.2.0 25.00 NOTE
r-oldrel-windows-x86_64 0.2.0 4.00 48.00 52.00 NOTE

Check Details

Version: 0.2.0
Check: CRAN incoming feasibility
Result: NOTE Maintainer: ‘Kevin Kuo <kevin.kuo@rstudio.com>’ Found the following (possibly) invalid file URI: URI: .github/CODE_OF_CONDUCT.md From: README.md Flavors: r-devel-linux-x86_64-debian-clang, r-devel-linux-x86_64-debian-gcc

Version: 0.2.0
Check: LazyData
Result: NOTE 'LazyData' is specified without a 'data' directory Flavors: r-oldrel-macos-arm64, r-oldrel-macos-x86_64, r-oldrel-windows-x86_64