CRAN Package Check Results for Package forensicolors

Last updated on 2025-07-15 03:50:06 CEST.

Flavor Version Tinstall Tcheck Ttotal Status Flags
r-devel-linux-x86_64-debian-clang 1.0.0 5.98 44.37 50.35 OK
r-devel-linux-x86_64-debian-gcc 1.0.0 3.96 32.64 36.60 OK
r-devel-linux-x86_64-fedora-clang 1.0.0 79.44 NOTE
r-devel-linux-x86_64-fedora-gcc 1.0.0 77.70 NOTE
r-devel-windows-x86_64 1.0.0 6.00 59.00 65.00 OK
r-patched-linux-x86_64 1.0.0 5.61 41.32 46.93 OK
r-release-linux-x86_64 1.0.0 5.25 40.70 45.95 OK
r-release-macos-arm64 1.0.0 25.00 OK
r-release-macos-x86_64 1.0.0 45.00 OK
r-release-windows-x86_64 1.0.0 7.00 57.00 64.00 OK
r-oldrel-macos-arm64 1.0.0 25.00 OK
r-oldrel-macos-x86_64 1.0.0 38.00 OK
r-oldrel-windows-x86_64 1.0.0 10.00 71.00 81.00 OK

Check Details

Version: 1.0.0
Check: dependencies in R code
Result: NOTE Namespaces in Imports field not imported from: ‘dplyr’ ‘forrel’ ‘pedtools’ ‘plotly’ All declared Imports should be used. Flavors: r-devel-linux-x86_64-fedora-clang, r-devel-linux-x86_64-fedora-gcc