Last updated on 2025-05-03 03:51:57 CEST.
Flavor | Version | Tinstall | Tcheck | Ttotal | Status | Flags |
---|---|---|---|---|---|---|
r-devel-linux-x86_64-debian-clang | 1.0.0 | 2.14 | 19.27 | 21.41 | NOTE | |
r-devel-linux-x86_64-debian-gcc | 1.0.0 | 1.66 | 15.89 | 17.55 | NOTE | |
r-devel-linux-x86_64-fedora-clang | 1.0.0 | 33.55 | OK | |||
r-devel-linux-x86_64-fedora-gcc | 1.0.0 | 32.36 | OK | |||
r-devel-windows-x86_64 | 1.0.0 | 3.00 | 45.00 | 48.00 | OK | |
r-patched-linux-x86_64 | 1.0.0 | 2.07 | 19.06 | 21.13 | OK | |
r-release-linux-x86_64 | OK | |||||
r-release-macos-arm64 | 1.0.0 | 15.00 | OK | |||
r-release-macos-x86_64 | 1.0.0 | 25.00 | OK | |||
r-release-windows-x86_64 | 1.0.0 | 3.00 | 41.00 | 44.00 | OK | |
r-oldrel-macos-arm64 | 1.0.0 | 15.00 | OK | |||
r-oldrel-macos-x86_64 | 1.0.0 | 28.00 | OK | |||
r-oldrel-windows-x86_64 | 1.0.0 | 4.00 | 42.00 | 46.00 | OK |
Version: 1.0.0
Check: CRAN incoming feasibility
Result: NOTE
Maintainer: ‘Alberto Hornero <alberto@hornero.es>’
No Authors@R field in DESCRIPTION.
Please add one, modifying
Authors@R: c(person(given = "Alberto",
family = "Hornero",
role = c("aut", "cre"),
email = "alberto@hornero.es"),
person(given = "Nastassia",
family = "Vilfan",
role = "aut"),
person(given = "Christiaan",
family = "van der Tol",
role = "aut"),
person(given = "Onno",
family = "Muller",
role = "aut"),
person(given = "Uwe",
family = "Rascher",
role = "aut"),
person(given = "Wouter",
family = "Verhoef",
role = "aut"))
as necessary.
Found the following URLs which should use \doi (with the DOI name only):
File ‘fluspect.Rd’:
https://doi.org/10.1016/j.rse.2016.09.017
Flavors: r-devel-linux-x86_64-debian-clang, r-devel-linux-x86_64-debian-gcc