CRAN Package Check Results for Package flexOR

Last updated on 2025-07-21 03:50:26 CEST.

Flavor Version Tinstall Tcheck Ttotal Status Flags
r-devel-linux-x86_64-debian-clang 1.0.0 2.56 51.03 53.59 NOTE
r-devel-linux-x86_64-debian-gcc 1.0.0 1.56 38.20 39.76 NOTE
r-devel-linux-x86_64-fedora-clang 1.0.0 81.17 OK
r-devel-linux-x86_64-fedora-gcc 1.0.0 91.39 OK
r-devel-windows-x86_64 1.0.0 5.00 70.00 75.00 NOTE
r-patched-linux-x86_64 1.0.0 2.68 47.09 49.77 NOTE
r-release-linux-x86_64 1.0.0 3.01 47.03 50.04 NOTE
r-release-macos-arm64 1.0.0 44.00 OK
r-release-macos-x86_64 1.0.0 67.00 OK
r-release-windows-x86_64 1.0.0 4.00 67.00 71.00 NOTE
r-oldrel-macos-arm64 1.0.0 37.00 OK
r-oldrel-macos-x86_64 1.0.0 51.00 OK
r-oldrel-windows-x86_64 1.0.0 5.00 79.00 84.00 OK

Check Details

Version: 1.0.0
Check: Rd cross-references
Result: NOTE Found the following Rd file(s) with Rd \link{} targets missing package anchors: AICc.Rd: gam Please provide package anchors for all Rd \link{} targets not in the package itself and the base packages. Flavors: r-devel-linux-x86_64-debian-clang, r-devel-linux-x86_64-debian-gcc, r-devel-windows-x86_64, r-patched-linux-x86_64, r-release-linux-x86_64, r-release-windows-x86_64