Last updated on 2025-04-30 03:50:53 CEST.
Flavor | Version | Tinstall | Tcheck | Ttotal | Status | Flags |
---|---|---|---|---|---|---|
r-devel-linux-x86_64-debian-clang | 3.2 | 13.92 | 46.27 | 60.19 | NOTE | |
r-devel-linux-x86_64-debian-gcc | 3.2 | 10.47 | 31.24 | 41.71 | NOTE | |
r-devel-linux-x86_64-fedora-clang | 3.2 | 101.23 | NOTE | |||
r-devel-linux-x86_64-fedora-gcc | 3.2 | 95.73 | NOTE | |||
r-devel-windows-x86_64 | 3.2 | 17.00 | 85.00 | 102.00 | NOTE | |
r-patched-linux-x86_64 | 3.2 | 15.39 | 43.24 | 58.63 | NOTE | |
r-release-linux-x86_64 | 3.2 | 14.94 | 43.49 | 58.43 | NOTE | |
r-release-macos-arm64 | 3.2 | 30.00 | NOTE | |||
r-release-macos-x86_64 | 3.2 | 57.00 | NOTE | |||
r-release-windows-x86_64 | 3.2 | 16.00 | 80.00 | 96.00 | NOTE | |
r-oldrel-macos-arm64 | 3.2 | 30.00 | NOTE | |||
r-oldrel-macos-x86_64 | 3.2 | 45.00 | NOTE | |||
r-oldrel-windows-x86_64 | 3.2 | 15.00 | 89.00 | 104.00 | NOTE |
Version: 3.2
Check: CRAN incoming feasibility
Result: NOTE
Maintainer: ‘Ashley Petersen <ashleyjpete@gmail.com>’
No Authors@R field in DESCRIPTION.
Please add one, modifying
Authors@R: person(given = "Ashley",
family = "Petersen",
role = c("aut", "cre"),
email = "ashleyjpete@gmail.com")
as necessary.
Flavors: r-devel-linux-x86_64-debian-clang, r-devel-linux-x86_64-debian-gcc
Version: 3.2
Check: Rd files
Result: NOTE
checkRd: (-1) summary.flamcv.rd:8: Lost braces
8 | This function summarizes a call to code{\link{flamCV}} and identifies the tuning parameter chosen by cross-validation.
| ^
Flavors: r-devel-linux-x86_64-debian-clang, r-devel-linux-x86_64-debian-gcc, r-devel-linux-x86_64-fedora-clang, r-devel-linux-x86_64-fedora-gcc, r-devel-windows-x86_64, r-patched-linux-x86_64, r-release-linux-x86_64, r-release-macos-arm64, r-release-macos-x86_64, r-release-windows-x86_64, r-oldrel-macos-arm64, r-oldrel-macos-x86_64, r-oldrel-windows-x86_64
Version: 3.2
Check: examples
Result: NOTE
Examples with CPU (user + system) or elapsed time > 5s
user system elapsed
flam-package 6.261 0.069 7.826
flamcv 5.365 0.028 6.534
Flavor: r-devel-linux-x86_64-debian-clang