Last updated on 2025-11-04 03:50:50 CET.
| Flavor | Version | Tinstall | Tcheck | Ttotal | Status | Flags | 
|---|---|---|---|---|---|---|
| r-devel-linux-x86_64-debian-clang | 1.1.0 | 16.64 | 442.78 | 459.42 | OK | |
| r-devel-linux-x86_64-debian-gcc | 1.1.0 | 12.23 | 307.71 | 319.94 | OK | |
| r-devel-linux-x86_64-fedora-clang | 1.1.0 | 72.00 | 686.68 | 758.68 | OK | |
| r-devel-linux-x86_64-fedora-gcc | 1.1.0 | 35.00 | 662.06 | 697.06 | OK | |
| r-devel-windows-x86_64 | 1.1.0 | 18.00 | 415.00 | 433.00 | OK | |
| r-patched-linux-x86_64 | 1.1.0 | 15.05 | 419.69 | 434.74 | OK | |
| r-release-linux-x86_64 | 1.1.0 | 16.42 | 421.16 | 437.58 | OK | |
| r-release-macos-arm64 | 1.1.0 | 7.00 | 174.00 | 181.00 | OK | |
| r-release-macos-x86_64 | 1.1.0 | 16.00 | 312.00 | 328.00 | OK | |
| r-release-windows-x86_64 | 1.1.0 | 20.00 | 425.00 | 445.00 | OK | |
| r-oldrel-macos-arm64 | 1.1.0 | 6.00 | 201.00 | 207.00 | NOTE | |
| r-oldrel-macos-x86_64 | 1.1.0 | 14.00 | 359.00 | 373.00 | NOTE | |
| r-oldrel-windows-x86_64 | 1.1.0 | 25.00 | 545.00 | 570.00 | NOTE | 
Version: 1.1.0
Check: installed package size
Result: NOTE
    installed size is  5.6Mb
    sub-directories of 1Mb or more:
      doc   5.0Mb
Flavors: r-oldrel-macos-arm64, r-oldrel-macos-x86_64, r-oldrel-windows-x86_64