Last updated on 2025-07-13 03:49:18 CEST.
Flavor | Version | Tinstall | Tcheck | Ttotal | Status | Flags |
---|---|---|---|---|---|---|
r-devel-linux-x86_64-debian-clang | 0.1.2 | 5.26 | 36.04 | 41.30 | OK | |
r-devel-linux-x86_64-debian-gcc | 0.1.2 | 3.95 | 29.18 | 33.13 | OK | |
r-devel-linux-x86_64-fedora-clang | 0.1.2 | 61.18 | NOTE | |||
r-devel-linux-x86_64-fedora-gcc | 0.1.2 | 58.18 | NOTE | |||
r-devel-windows-x86_64 | 0.1.2 | 8.00 | 53.00 | 61.00 | OK | |
r-patched-linux-x86_64 | 0.1.2 | 4.70 | 32.53 | 37.23 | OK | |
r-release-linux-x86_64 | 0.1.2 | 4.03 | 32.99 | 37.02 | OK | |
r-release-macos-arm64 | 0.1.2 | 29.00 | OK | |||
r-release-macos-x86_64 | 0.1.2 | 39.00 | OK | |||
r-release-windows-x86_64 | 0.1.2 | 8.00 | 59.00 | 67.00 | OK | |
r-oldrel-macos-arm64 | 0.1.2 | 22.00 | OK | |||
r-oldrel-macos-x86_64 | 0.1.2 | 33.00 | OK | |||
r-oldrel-windows-x86_64 | 0.1.2 | 9.00 | 62.00 | 71.00 | OK |
Version: 0.1.2
Check: dependencies in R code
Result: NOTE
Namespaces in Imports field not imported from:
‘rclipboard’ ‘shinyBS’ ‘shinyWidgets’ ‘shinyjs’
All declared Imports should be used.
Flavors: r-devel-linux-x86_64-fedora-clang, r-devel-linux-x86_64-fedora-gcc