CRAN Package Check Results for Package filehashSQLite

Last updated on 2025-07-24 04:50:11 CEST.

Flavor Version Tinstall Tcheck Ttotal Status Flags
r-devel-linux-x86_64-debian-clang 0.2-7 4.79 38.44 43.23 NOTE
r-devel-linux-x86_64-debian-gcc 0.2-7 3.21 30.05 33.26 NOTE
r-devel-linux-x86_64-fedora-clang 0.2-7 69.18 OK
r-devel-linux-x86_64-fedora-gcc 0.2-7 64.74 OK
r-devel-windows-x86_64 0.2-7 7.00 55.00 62.00 OK
r-patched-linux-x86_64 0.2-7 4.38 37.15 41.53 OK
r-release-linux-x86_64 0.2-7 4.59 37.38 41.97 OK
r-release-macos-arm64 0.2-7 32.00 OK
r-release-macos-x86_64 0.2-7 47.00 OK
r-release-windows-x86_64 0.2-7 6.00 59.00 65.00 OK
r-oldrel-macos-arm64 0.2-7 25.00 OK
r-oldrel-macos-x86_64 0.2-7 70.00 OK
r-oldrel-windows-x86_64 0.2-7 7.00 62.00 69.00 OK

Check Details

Version: 0.2-7
Check: CRAN incoming feasibility
Result: NOTE Maintainer: ‘Roger D. Peng <roger.peng@austin.utexas.edu>’ No Authors@R field in DESCRIPTION. Please add one, modifying Authors@R: person(given = c("Roger", "D."), family = "Peng", role = c("aut", "cre"), email = "roger.peng@austin.utexas.edu") as necessary. Flavors: r-devel-linux-x86_64-debian-clang, r-devel-linux-x86_64-debian-gcc