Last updated on 2025-05-05 03:50:20 CEST.
Flavor | Version | Tinstall | Tcheck | Ttotal | Status | Flags |
---|---|---|---|---|---|---|
r-devel-linux-x86_64-debian-clang | 0.6.1 | 75.66 | 29.24 | 104.90 | OK | |
r-devel-linux-x86_64-debian-gcc | 0.6.1 | 54.84 | 21.90 | 76.74 | OK | |
r-devel-linux-x86_64-fedora-clang | 0.6.1 | 188.53 | OK | |||
r-devel-linux-x86_64-fedora-gcc | 0.6.1 | 211.08 | OK | |||
r-devel-windows-x86_64 | 0.6.1 | 83.00 | 73.00 | 156.00 | OK | |
r-patched-linux-x86_64 | 0.6.1 | 75.46 | 27.89 | 103.35 | OK | |
r-release-linux-x86_64 | 0.6.1 | 74.47 | 27.56 | 102.03 | OK | |
r-release-macos-arm64 | 0.6.1 | 52.00 | OK | |||
r-release-macos-x86_64 | 0.6.1 | 82.00 | OK | |||
r-release-windows-x86_64 | 0.6.1 | 80.00 | 72.00 | 152.00 | OK | |
r-oldrel-macos-arm64 | 0.6.1 | 49.00 | NOTE | |||
r-oldrel-macos-x86_64 | 0.6.1 | 61.00 | NOTE | |||
r-oldrel-windows-x86_64 | 0.6.1 | 95.00 | 85.00 | 180.00 | OK |
Version: 0.6.1
Check: installed package size
Result: NOTE
installed size is 7.6Mb
sub-directories of 1Mb or more:
libs 7.5Mb
Flavors: r-oldrel-macos-arm64, r-oldrel-macos-x86_64