CRAN Package Check Results for Package fbglm

Last updated on 2025-05-02 03:51:08 CEST.

Flavor Version Tinstall Tcheck Ttotal Status Flags
r-devel-linux-x86_64-debian-clang 1.5.0 2.07 50.23 52.30 NOTE
r-devel-linux-x86_64-debian-gcc 1.5.0 1.58 33.85 35.43 OK
r-devel-linux-x86_64-fedora-clang 1.5.0 83.86 NOTE
r-devel-linux-x86_64-fedora-gcc 1.5.0 83.98 NOTE
r-devel-windows-x86_64 1.5.0 3.00 62.00 65.00 OK
r-patched-linux-x86_64 1.5.0 2.06 47.61 49.67 OK
r-release-linux-x86_64 OK
r-release-macos-arm64 1.5.0 26.00 OK
r-release-macos-x86_64 1.5.0 53.00 OK
r-release-windows-x86_64 1.5.0 3.00 61.00 64.00 OK
r-oldrel-macos-arm64 1.5.0 26.00 OK
r-oldrel-macos-x86_64 1.5.0 47.00 OK
r-oldrel-windows-x86_64 1.5.0 4.00 75.00 79.00 OK

Check Details

Version: 1.5.0
Check: examples
Result: NOTE Examples with CPU (user + system) or elapsed time > 5s user system elapsed test 13.239 0.004 15.292 fbglm 12.499 0.002 15.493 Flavor: r-devel-linux-x86_64-debian-clang

Version: 1.5.0
Check: dependencies in R code
Result: NOTE Namespace in Imports field not imported from: ‘agridat’ All declared Imports should be used. Flavors: r-devel-linux-x86_64-fedora-clang, r-devel-linux-x86_64-fedora-gcc