Last updated on 2025-05-04 03:50:53 CEST.
Flavor | Version | Tinstall | Tcheck | Ttotal | Status | Flags |
---|---|---|---|---|---|---|
r-devel-linux-x86_64-debian-clang | 1.2.5 | 8.56 | 80.05 | 88.61 | NOTE | |
r-devel-linux-x86_64-debian-gcc | 1.2.5 | 7.35 | 58.60 | 65.95 | NOTE | |
r-devel-linux-x86_64-fedora-clang | 1.2.5 | 141.40 | OK | |||
r-devel-linux-x86_64-fedora-gcc | 1.2.5 | 134.54 | OK | |||
r-devel-windows-x86_64 | 1.2.5 | 11.00 | 97.00 | 108.00 | NOTE | |
r-patched-linux-x86_64 | 1.2.5 | 9.81 | 73.88 | 83.69 | NOTE | |
r-release-linux-x86_64 | NOTE | |||||
r-release-macos-arm64 | 1.2.5 | 45.00 | OK | |||
r-release-macos-x86_64 | 1.2.5 | 78.00 | OK | |||
r-release-windows-x86_64 | 1.2.5 | 10.00 | 86.00 | 96.00 | NOTE | |
r-oldrel-macos-arm64 | 1.2.5 | 43.00 | OK | |||
r-oldrel-macos-x86_64 | 1.2.5 | 66.00 | OK | |||
r-oldrel-windows-x86_64 | 1.2.5 | 14.00 | 106.00 | 120.00 | OK |
Version: 1.2.5
Check: CRAN incoming feasibility
Result: NOTE
Maintainer: ‘Alexandre BUREAU <alexandre.bureau@msp.ulaval.ca>’
No Authors@R field in DESCRIPTION.
Please add one, modifying
Authors@R: c(person(given = "Alexandre",
family = "BUREAU",
role = c("aut", "cre"),
email = "alexandre.bureau@msp.ulaval.ca"),
person(given = "Jordie",
family = "Croteau",
role = "aut",
email = "jorcroteau@gmail.com"))
as necessary.
Flavors: r-devel-linux-x86_64-debian-clang, r-devel-linux-x86_64-debian-gcc
Version: 1.2.5
Check: Rd cross-references
Result: NOTE
Found the following Rd file(s) with Rd \link{} targets missing package
anchors:
fat2Lpoly.Rd: kinship
fat2Lpoly.withinR.Rd: kinship
Please provide package anchors for all Rd \link{} targets not in the
package itself and the base packages.
Flavors: r-devel-linux-x86_64-debian-clang, r-devel-linux-x86_64-debian-gcc, r-devel-windows-x86_64, r-patched-linux-x86_64, r-release-linux-x86_64, r-release-windows-x86_64