Last updated on 2025-05-05 03:50:19 CEST.
Flavor | Version | Tinstall | Tcheck | Ttotal | Status | Flags |
---|---|---|---|---|---|---|
r-devel-linux-x86_64-debian-clang | 0.1.1 | 64.38 | 137.42 | 201.80 | NOTE | |
r-devel-linux-x86_64-debian-gcc | 0.1.2 | 57.61 | 114.10 | 171.71 | OK | |
r-devel-linux-x86_64-fedora-clang | 0.1.2 | 401.64 | OK | |||
r-devel-linux-x86_64-fedora-gcc | 0.1.2 | 363.28 | OK | |||
r-devel-windows-x86_64 | 0.1.2 | 98.00 | 158.00 | 256.00 | OK | |
r-patched-linux-x86_64 | 0.1.1 | 59.12 | 134.97 | 194.09 | NOTE | |
r-release-linux-x86_64 | 0.1.2 | 78.12 | 142.24 | 220.36 | OK | |
r-release-macos-arm64 | 0.1.2 | 103.00 | OK | |||
r-release-macos-x86_64 | 0.1.2 | 160.00 | OK | |||
r-release-windows-x86_64 | 0.1.2 | 84.00 | 169.00 | 253.00 | OK | |
r-oldrel-macos-arm64 | 0.1.2 | 104.00 | OK | |||
r-oldrel-macos-x86_64 | 0.1.2 | 195.00 | OK | |||
r-oldrel-windows-x86_64 | 0.1.2 | 82.00 | 190.00 | 272.00 | OK |
Version: 0.1.1
Check: CRAN incoming feasibility
Result: NOTE
Maintainer: ‘Alex Hayes <alexpghayes@gmail.com>’
The Description field contains
<https://amstat.tandfonline.com/doi/abs/10.1080/10618600.2018.1518238>.
Please use permanent DOI markup for linking to publications as in <doi:prefix/suffix>.
Flavor: r-devel-linux-x86_64-debian-clang
Version: 0.1.1
Check: C++ specification
Result: NOTE
Specified C++11: please drop specification unless essential
Flavors: r-devel-linux-x86_64-debian-clang, r-patched-linux-x86_64