Last updated on 2025-11-15 03:50:10 CET.
| Flavor | Version | Tinstall | Tcheck | Ttotal | Status | Flags |
|---|---|---|---|---|---|---|
| r-devel-linux-x86_64-debian-clang | 1.4.2 | 31.76 | 152.02 | 183.78 | OK | |
| r-devel-linux-x86_64-debian-gcc | 1.4.2 | 19.18 | 107.50 | 126.68 | OK | |
| r-devel-linux-x86_64-fedora-clang | 1.4.2 | 57.00 | 278.09 | 335.09 | OK | |
| r-devel-linux-x86_64-fedora-gcc | 1.4.2 | 64.00 | 227.50 | 291.50 | OK | |
| r-devel-windows-x86_64 | 1.4.2 | 38.00 | 193.00 | 231.00 | OK | |
| r-patched-linux-x86_64 | 1.4.2 | 27.79 | 146.04 | 173.83 | OK | |
| r-release-linux-x86_64 | 1.4.2 | 29.11 | 146.45 | 175.56 | OK | |
| r-release-macos-arm64 | 1.4.2 | 14.00 | 70.00 | 84.00 | OK | |
| r-release-macos-x86_64 | 1.4.2 | 23.00 | 113.00 | 136.00 | OK | |
| r-release-windows-x86_64 | 1.4.2 | 38.00 | 188.00 | 226.00 | OK | |
| r-oldrel-macos-arm64 | 1.4.2 | 16.00 | 124.00 | 140.00 | NOTE | |
| r-oldrel-macos-x86_64 | 1.4.2 | 21.00 | 108.00 | 129.00 | NOTE | |
| r-oldrel-windows-x86_64 | 1.4.2 | 48.00 | 235.00 | 283.00 | NOTE |
Version: 1.4.2
Check: installed package size
Result: NOTE
installed size is 6.1Mb
sub-directories of 1Mb or more:
data 2.1Mb
doc 1.1Mb
libs 1.2Mb
Flavors: r-oldrel-macos-arm64, r-oldrel-macos-x86_64, r-oldrel-windows-x86_64