CRAN Package Check Results for Package exteriorMatch

Last updated on 2025-05-06 03:51:02 CEST.

Flavor Version Tinstall Tcheck Ttotal Status Flags
r-devel-linux-x86_64-debian-clang 1.0.0 1.31 17.04 18.35 NOTE
r-devel-linux-x86_64-debian-gcc 1.0.0 1.28 14.23 15.51 NOTE
r-devel-linux-x86_64-fedora-clang 1.0.0 28.91 OK
r-devel-linux-x86_64-fedora-gcc 1.0.0 27.74 OK
r-devel-windows-x86_64 1.0.0 2.00 41.00 43.00 OK
r-patched-linux-x86_64 1.0.0 1.50 16.40 17.90 OK
r-release-linux-x86_64 1.0.0 1.58 16.57 18.15 OK
r-release-macos-arm64 1.0.0 16.00 OK
r-release-macos-x86_64 1.0.0 23.00 OK
r-release-windows-x86_64 1.0.0 3.00 44.00 47.00 OK
r-oldrel-macos-arm64 1.0.0 14.00 NOTE
r-oldrel-macos-x86_64 1.0.0 24.00 NOTE
r-oldrel-windows-x86_64 1.0.0 3.00 40.00 43.00 NOTE

Check Details

Version: 1.0.0
Check: CRAN incoming feasibility
Result: NOTE Maintainer: ‘Paul R. Rosenbaum <rosenbaum@wharton.upenn.edu>’ No Authors@R field in DESCRIPTION. Please add one, modifying Authors@R: person(given = c("Paul", "R."), family = "Rosenbaum", role = c("aut", "cre"), email = "rosenbaum@wharton.upenn.edu") as necessary. Flavors: r-devel-linux-x86_64-debian-clang, r-devel-linux-x86_64-debian-gcc

Version: 1.0.0
Check: LazyData
Result: NOTE 'LazyData' is specified without a 'data' directory Flavors: r-oldrel-macos-arm64, r-oldrel-macos-x86_64, r-oldrel-windows-x86_64