CRAN Package Check Results for Package exdex

Last updated on 2025-05-02 03:51:08 CEST.

Flavor Version Tinstall Tcheck Ttotal Status Flags
r-devel-linux-x86_64-debian-clang 1.2.3 26.74 95.71 122.45 NOTE
r-devel-linux-x86_64-debian-gcc 1.2.3 19.26 66.53 85.79 OK
r-devel-linux-x86_64-fedora-clang 1.2.3 200.51 OK
r-devel-linux-x86_64-fedora-gcc 1.2.3 208.54 OK
r-devel-windows-x86_64 1.2.3 32.00 137.00 169.00 OK
r-patched-linux-x86_64 1.2.3 29.62 88.88 118.50 OK
r-release-linux-x86_64 OK
r-release-macos-arm64 1.2.3 76.00 OK
r-release-macos-x86_64 1.2.3 126.00 OK
r-release-windows-x86_64 1.2.3 32.00 150.00 182.00 OK
r-oldrel-macos-arm64 1.2.3 60.00 OK
r-oldrel-macos-x86_64 1.2.3 114.00 OK
r-oldrel-windows-x86_64 1.2.3 35.00 179.00 214.00 OK

Check Details

Version: 1.2.3
Check: examples
Result: NOTE Examples with CPU (user + system) or elapsed time > 5s user system elapsed choose_ud 4.28 0.04 5.02 Flavor: r-devel-linux-x86_64-debian-clang