Last updated on 2025-05-04 03:50:52 CEST.
Flavor | Version | Tinstall | Tcheck | Ttotal | Status | Flags |
---|---|---|---|---|---|---|
r-devel-linux-x86_64-debian-clang | 1.0 | 1.86 | 23.27 | 25.13 | NOTE | |
r-devel-linux-x86_64-debian-gcc | 1.0 | 1.48 | 19.02 | 20.50 | NOTE | |
r-devel-linux-x86_64-fedora-clang | 1.0 | 39.35 | OK | |||
r-devel-linux-x86_64-fedora-gcc | 1.0 | 37.88 | OK | |||
r-devel-windows-x86_64 | 1.0 | 4.00 | 56.00 | 60.00 | OK | |
r-patched-linux-x86_64 | 1.0 | 2.16 | 22.39 | 24.55 | OK | |
r-release-linux-x86_64 | OK | |||||
r-release-macos-arm64 | 1.0 | 20.00 | OK | |||
r-release-macos-x86_64 | 1.0 | 41.00 | OK | |||
r-release-windows-x86_64 | 1.0 | 3.00 | 52.00 | 55.00 | OK | |
r-oldrel-macos-arm64 | 1.0 | 18.00 | OK | |||
r-oldrel-macos-x86_64 | 1.0 | 25.00 | OK | |||
r-oldrel-windows-x86_64 | 1.0 | 4.00 | 52.00 | 56.00 | OK |
Version: 1.0
Check: CRAN incoming feasibility
Result: NOTE
Maintainer: ‘Edoardo Vignotto <edoardo.vignotto@unige.ch>’
The Description field contains
Vignotto, E., & Engelke, S. (2018) <arXiv:1808.09902>.
Please refer to arXiv e-prints via their arXiv DOI <doi:10.48550/arXiv.YYMM.NNNNN>.
Flavors: r-devel-linux-x86_64-debian-clang, r-devel-linux-x86_64-debian-gcc