Last updated on 2025-05-02 03:51:08 CEST.
Flavor | Version | Tinstall | Tcheck | Ttotal | Status | Flags |
---|---|---|---|---|---|---|
r-devel-linux-x86_64-debian-clang | 2.1.0 | 2.48 | 52.82 | 55.30 | NOTE | |
r-devel-linux-x86_64-debian-gcc | 2.1.0 | 1.54 | 41.38 | 42.92 | NOTE | |
r-devel-linux-x86_64-fedora-clang | 2.1.0 | 86.86 | NOTE | |||
r-devel-linux-x86_64-fedora-gcc | 2.1.0 | 85.45 | NOTE | |||
r-devel-windows-x86_64 | 2.1.0 | 4.00 | 76.00 | 80.00 | NOTE | |
r-patched-linux-x86_64 | 2.1.0 | 3.33 | 51.69 | 55.02 | NOTE | |
r-release-linux-x86_64 | NOTE | |||||
r-release-macos-arm64 | 2.1.0 | 34.00 | NOTE | |||
r-release-macos-x86_64 | 2.1.0 | 52.00 | NOTE | |||
r-release-windows-x86_64 | 2.1.0 | 4.00 | 80.00 | 84.00 | NOTE | |
r-oldrel-macos-arm64 | 2.1.0 | 29.00 | NOTE | |||
r-oldrel-macos-x86_64 | 2.1.0 | 43.00 | NOTE | |||
r-oldrel-windows-x86_64 | 2.1.0 | 5.00 | 91.00 | 96.00 | NOTE |
Version: 2.1.0
Check: CRAN incoming feasibility
Result: NOTE
Maintainer: ‘Jiafen Gong <jiafen.gong@sickkids.ca>’
No Authors@R field in DESCRIPTION.
Please add one, modifying
Authors@R: c(person(given = c("Dr.", "Lisa", "J", "Strug;", "Dr.", "Zeynep", "Baskurt", "<zeynep.baskurt@sickkids.ca>;", "Bowei", "Xiao", "<bowei.xiao91@gmail.com>;", "Ted", "Chiang"),
family = "<theodorechiang@gmail.com>",
role = "aut",
email = "theodorechiang@gmail.com"),
person(given = "Jiafen",
family = "Gong",
role = "cre",
email = "jiafen.gong@sickkids.ca"))
as necessary.
Flavors: r-devel-linux-x86_64-debian-clang, r-devel-linux-x86_64-debian-gcc
Version: 2.1.0
Check: Rd files
Result: NOTE
checkRd: (-1) calculateGLR.Rd:43: Escaped LaTeX specials: \&
checkRd: (-1) glr.Rd:5: Lost braces
5 | Conducts a generalized likelihood ratio test testing whether {\eqn{\beta \in} (-\code{c},\code{c})}. Covariates can be accommodated.
| ^
checkRd: (-1) glr.Rd:34: Lost braces
34 | This is a similar function to the main function \code{evian}. Instead of testing H0: \eqn{\beta}=0, it tests for whether H0:{\eqn{\beta \in} (-\code{c},\code{c})}.
| ^
Flavors: r-devel-linux-x86_64-debian-clang, r-devel-linux-x86_64-debian-gcc, r-devel-linux-x86_64-fedora-clang, r-devel-linux-x86_64-fedora-gcc, r-devel-windows-x86_64, r-patched-linux-x86_64, r-release-linux-x86_64, r-release-macos-arm64, r-release-macos-x86_64, r-release-windows-x86_64, r-oldrel-macos-arm64, r-oldrel-macos-x86_64, r-oldrel-windows-x86_64
Version: 2.1.0
Check: examples
Result: NOTE
Examples with CPU (user + system) or elapsed time > 5s
user system elapsed
glr 5.275 0.023 7.938
densityPlot 5.072 0.016 6.735
evian 5.056 0.004 6.444
multiLine_plot 5.007 0.004 6.209
glr_plot 4.957 0.008 6.916
Flavor: r-devel-linux-x86_64-debian-clang