Last updated on 2025-10-31 02:50:30 CET.
| Flavor | Version | Tinstall | Tcheck | Ttotal | Status | Flags | 
|---|---|---|---|---|---|---|
| r-devel-linux-x86_64-debian-clang | 2.1.0 | 3.02 | 53.61 | 56.63 | NOTE | |
| r-devel-linux-x86_64-debian-gcc | 2.1.0 | 2.04 | 40.47 | 42.51 | NOTE | |
| r-devel-linux-x86_64-fedora-clang | 2.1.0 | 87.18 | NOTE | |||
| r-devel-linux-x86_64-fedora-gcc | 2.1.0 | 87.30 | NOTE | |||
| r-devel-windows-x86_64 | 2.1.0 | 5.00 | 74.00 | 79.00 | NOTE | |
| r-patched-linux-x86_64 | 2.1.0 | 3.16 | 53.62 | 56.78 | NOTE | |
| r-release-linux-x86_64 | 2.1.0 | 2.72 | 52.50 | 55.22 | NOTE | |
| r-release-macos-arm64 | 2.1.0 | 2.00 | 32.00 | 34.00 | NOTE | |
| r-release-macos-x86_64 | 2.1.0 | 3.00 | 49.00 | 52.00 | NOTE | |
| r-release-windows-x86_64 | 2.1.0 | 5.00 | 77.00 | 82.00 | NOTE | |
| r-oldrel-macos-arm64 | 2.1.0 | 2.00 | 27.00 | 29.00 | NOTE | |
| r-oldrel-macos-x86_64 | 2.1.0 | 2.00 | 41.00 | 43.00 | NOTE | |
| r-oldrel-windows-x86_64 | 2.1.0 | 5.00 | 90.00 | 95.00 | NOTE | 
Version: 2.1.0
Check: CRAN incoming feasibility
Result: NOTE
  Maintainer: ‘Jiafen Gong <jiafen.gong@sickkids.ca>’
  
  No Authors@R field in DESCRIPTION.
  Please add one, modifying
    Authors@R: c(person(given = c("Dr.", "Lisa", "J", "Strug;", "Dr.", "Zeynep", "Baskurt", "<zeynep.baskurt@sickkids.ca>;", "Bowei", "Xiao", "<bowei.xiao91@gmail.com>;", "Ted", "Chiang"),
                        family = "<theodorechiang@gmail.com>",
                        role = "aut",
                        email = "theodorechiang@gmail.com"),
                 person(given = "Jiafen",
                        family = "Gong",
                        role = "cre",
                        email = "jiafen.gong@sickkids.ca"))
  as necessary.
Flavors: r-devel-linux-x86_64-debian-clang, r-devel-linux-x86_64-debian-gcc
Version: 2.1.0
Check: Rd files
Result: NOTE
  checkRd: (-1) calculateGLR.Rd:43: Escaped LaTeX specials: \&
  checkRd: (-1) glr.Rd:5: Lost braces
       5 |   Conducts a generalized likelihood ratio test testing whether {\eqn{\beta \in}  (-\code{c},\code{c})}. Covariates can be accommodated.
         |                                                                ^
  checkRd: (-1) glr.Rd:34: Lost braces
      34 |   This is a similar function to the main function \code{evian}. Instead of testing H0: \eqn{\beta}=0, it tests for whether H0:{\eqn{\beta \in} (-\code{c},\code{c})}.
         |                                                                                                                               ^
Flavors: r-devel-linux-x86_64-debian-clang, r-devel-linux-x86_64-debian-gcc, r-devel-linux-x86_64-fedora-clang, r-devel-linux-x86_64-fedora-gcc, r-devel-windows-x86_64, r-patched-linux-x86_64, r-release-linux-x86_64, r-release-macos-arm64, r-release-macos-x86_64, r-release-windows-x86_64, r-oldrel-macos-arm64, r-oldrel-macos-x86_64, r-oldrel-windows-x86_64