Last updated on 2025-11-09 03:49:56 CET.
| Flavor | Version | Tinstall | Tcheck | Ttotal | Status | Flags |
|---|---|---|---|---|---|---|
| r-devel-linux-x86_64-debian-clang | 0.2.0 | 5.83 | 48.97 | 54.80 | NOTE | |
| r-devel-linux-x86_64-debian-gcc | 0.2.0 | 4.18 | 34.31 | 38.49 | NOTE | |
| r-devel-linux-x86_64-fedora-clang | 0.2.0 | 15.00 | 67.24 | 82.24 | OK | |
| r-devel-linux-x86_64-fedora-gcc | 0.2.0 | 13.00 | 64.69 | 77.69 | OK | |
| r-devel-windows-x86_64 | 0.2.0 | 8.00 | 71.00 | 79.00 | OK | |
| r-patched-linux-x86_64 | 0.2.0 | 6.66 | 45.81 | 52.47 | OK | |
| r-release-linux-x86_64 | 0.2.0 | 5.59 | 46.20 | 51.79 | OK | |
| r-release-macos-arm64 | 0.2.0 | 3.00 | 25.00 | 28.00 | OK | |
| r-release-macos-x86_64 | 0.2.0 | 5.00 | 43.00 | 48.00 | OK | |
| r-release-windows-x86_64 | 0.2.0 | 8.00 | 70.00 | 78.00 | OK | |
| r-oldrel-macos-arm64 | 0.2.0 | 3.00 | 22.00 | 25.00 | OK | |
| r-oldrel-macos-x86_64 | 0.2.0 | 7.00 | 50.00 | 57.00 | OK | |
| r-oldrel-windows-x86_64 | 0.2.0 | 11.00 | 90.00 | 101.00 | OK |
Version: 0.2.0
Check: CRAN incoming feasibility
Result: NOTE
Maintainer: ‘Marcel Miché <esmprep@gmail.com>’
No Authors@R field in DESCRIPTION.
Please add one, modifying
Authors@R: person(given = "Marcel",
family = "Miché",
role = c("aut", "cre"),
email = "esmprep@gmail.com")
as necessary.
Flavors: r-devel-linux-x86_64-debian-clang, r-devel-linux-x86_64-debian-gcc