CRAN Package Check Results for Package esmisc

Last updated on 2025-05-02 03:51:07 CEST.

Flavor Version Tinstall Tcheck Ttotal Status Flags
r-devel-linux-x86_64-debian-clang 0.0.3 33.62 265.26 298.88 NOTE
r-devel-linux-x86_64-debian-gcc 0.0.3 19.28 180.14 199.42 OK
r-devel-linux-x86_64-fedora-clang 0.0.3 443.91 OK
r-devel-linux-x86_64-fedora-gcc 0.0.3 426.52 OK
r-devel-windows-x86_64 0.0.3 27.00 206.00 233.00 OK
r-patched-linux-x86_64 0.0.3 28.65 249.24 277.89 OK
r-release-linux-x86_64 OK
r-release-macos-arm64 0.0.3 96.00 OK
r-release-macos-x86_64 0.0.3 223.00 OK
r-release-windows-x86_64 0.0.3 26.00 228.00 254.00 OK
r-oldrel-macos-arm64 0.0.3 95.00 NOTE
r-oldrel-macos-x86_64 0.0.3 214.00 NOTE
r-oldrel-windows-x86_64 0.0.3 34.00 276.00 310.00 NOTE

Check Details

Version: 0.0.3
Check: examples
Result: NOTE Examples with CPU (user + system) or elapsed time > 5s user system elapsed read_regnie 2.657 0.428 25.057 Flavor: r-devel-linux-x86_64-debian-clang

Version: 0.0.3
Check: LazyData
Result: NOTE 'LazyData' is specified without a 'data' directory Flavors: r-oldrel-macos-arm64, r-oldrel-macos-x86_64, r-oldrel-windows-x86_64