Last updated on 2025-05-04 03:50:52 CEST.
Flavor | Version | Tinstall | Tcheck | Ttotal | Status | Flags |
---|---|---|---|---|---|---|
r-devel-linux-x86_64-debian-clang | 0.1.2 | 7.35 | 58.49 | 65.84 | NOTE | |
r-devel-linux-x86_64-debian-gcc | 0.1.2 | 5.17 | 43.68 | 48.85 | NOTE | |
r-devel-linux-x86_64-fedora-clang | 0.1.2 | 99.16 | NOTE | |||
r-devel-linux-x86_64-fedora-gcc | 0.1.2 | 99.22 | NOTE | |||
r-devel-windows-x86_64 | 0.1.2 | 8.00 | 81.00 | 89.00 | NOTE | |
r-patched-linux-x86_64 | 0.1.2 | 7.29 | 55.34 | 62.63 | NOTE | |
r-release-linux-x86_64 | NOTE | |||||
r-release-macos-arm64 | 0.1.2 | 37.00 | NOTE | |||
r-release-macos-x86_64 | 0.1.2 | 69.00 | NOTE | |||
r-release-windows-x86_64 | 0.1.2 | 7.00 | 75.00 | 82.00 | NOTE | |
r-oldrel-macos-arm64 | 0.1.2 | 33.00 | NOTE | |||
r-oldrel-macos-x86_64 | 0.1.2 | 48.00 | NOTE | |||
r-oldrel-windows-x86_64 | 0.1.2 | 13.00 | 84.00 | 97.00 | NOTE |
Version: 0.1.2
Check: CRAN incoming feasibility
Result: NOTE
Maintainer: ‘Joshua Keller <joshua.keller@colostate.edu>’
No Authors@R field in DESCRIPTION.
Please add one, modifying
Authors@R: person(given = "Joshua",
family = "Keller",
role = c("aut", "cre"),
email = "joshua.keller@colostate.edu")
as necessary.
Flavors: r-devel-linux-x86_64-debian-clang, r-devel-linux-x86_64-debian-gcc
Version: 0.1.2
Check: Rd files
Result: NOTE
checkRd: (-1) festRidge.Rd:80: Lost braces; missing escapes or markup?
80 | \item{XtXlamIinv}{explicit value of (X'X + diag(penalty))^{-1}. Useful
| ^
Flavors: r-devel-linux-x86_64-debian-clang, r-devel-linux-x86_64-debian-gcc, r-devel-linux-x86_64-fedora-clang, r-devel-linux-x86_64-fedora-gcc, r-devel-windows-x86_64, r-patched-linux-x86_64, r-release-linux-x86_64, r-release-macos-arm64, r-release-macos-x86_64, r-release-windows-x86_64, r-oldrel-macos-arm64, r-oldrel-macos-x86_64, r-oldrel-windows-x86_64
Version: 0.1.2
Check: LazyData
Result: NOTE
'LazyData' is specified without a 'data' directory
Flavors: r-oldrel-macos-arm64, r-oldrel-macos-x86_64, r-oldrel-windows-x86_64