CRAN Package Check Results for Package equivalenceTest

Last updated on 2025-11-23 03:48:42 CET.

Flavor Version Tinstall Tcheck Ttotal Status Flags
r-devel-linux-x86_64-debian-clang 0.0.1.1 2.09 24.49 26.58 OK
r-devel-linux-x86_64-debian-gcc 0.0.1.1 1.50 20.17 21.67 OK
r-devel-linux-x86_64-fedora-clang 0.0.1.1 14.00 28.18 42.18 NOTE
r-devel-linux-x86_64-fedora-gcc 0.0.1.1 36.96 NOTE
r-devel-windows-x86_64 0.0.1.1 5.00 42.00 47.00 OK
r-patched-linux-x86_64 0.0.1.1 2.32 22.46 24.78 OK
r-release-linux-x86_64 0.0.1.1 1.94 22.70 24.64 OK
r-release-macos-arm64 0.0.1.1 OK
r-release-macos-x86_64 0.0.1.1 2.00 24.00 26.00 OK
r-release-windows-x86_64 0.0.1.1 3.00 50.00 53.00 OK
r-oldrel-macos-arm64 0.0.1.1 NOTE
r-oldrel-macos-x86_64 0.0.1.1 2.00 29.00 31.00 NOTE
r-oldrel-windows-x86_64 0.0.1.1 4.00 47.00 51.00 NOTE

Check Details

Version: 0.0.1.1
Check: dependencies in R code
Result: NOTE Namespaces in Imports field not imported from: ‘cubature’ ‘rootSolve’ All declared Imports should be used. Flavors: r-devel-linux-x86_64-fedora-clang, r-devel-linux-x86_64-fedora-gcc

Version: 0.0.1.1
Check: LazyData
Result: NOTE 'LazyData' is specified without a 'data' directory Flavors: r-oldrel-macos-arm64, r-oldrel-macos-x86_64, r-oldrel-windows-x86_64