CRAN Package Check Results for Package epinetr

Last updated on 2025-05-03 03:51:56 CEST.

Flavor Version Tinstall Tcheck Ttotal Status Flags
r-devel-linux-x86_64-debian-clang 0.96 20.88 219.88 240.76 NOTE
r-devel-linux-x86_64-debian-gcc 0.96 13.51 136.97 150.48 NOTE
r-devel-linux-x86_64-fedora-clang 0.96 359.53 NOTE
r-devel-linux-x86_64-fedora-gcc 0.96 382.96 NOTE
r-devel-windows-x86_64 0.96 27.00 244.00 271.00 NOTE
r-patched-linux-x86_64 0.96 19.97 205.51 225.48 NOTE
r-release-linux-x86_64 NOTE
r-release-macos-arm64 0.96 130.00 NOTE
r-release-macos-x86_64 0.96 224.00 NOTE
r-release-windows-x86_64 0.96 27.00 245.00 272.00 NOTE
r-oldrel-macos-arm64 0.96 108.00 NOTE
r-oldrel-macos-x86_64 0.96 182.00 NOTE
r-oldrel-windows-x86_64 0.96 30.00 313.00 343.00 NOTE

Check Details

Version: 0.96
Check: Rd files
Result: NOTE checkRd: (-1) runSim.Rd:111: Lost braces 111 | \ifelse{html}{\out{<i>r</i><sub>1</sub> = 1}}{{\eqn{r_1 = 1}}{r_1 = 1}} while the individual with the lowest phenotypic value | ^ checkRd: (-1) runSim.Rd:112: Lost braces 112 | is given the rank \ifelse{html}{\out{<i>r<sub>n</sub></i> = <i>n</i>}}{{\eqn{r_n = n}}{r_n = n}}), the probability of an individual | ^ checkRd: (-1) runSim.Rd:120-122: Lost braces 120 | }{ | ^ Flavors: r-devel-linux-x86_64-debian-clang, r-devel-linux-x86_64-debian-gcc, r-devel-linux-x86_64-fedora-clang, r-devel-linux-x86_64-fedora-gcc, r-devel-windows-x86_64, r-patched-linux-x86_64, r-release-linux-x86_64, r-release-macos-arm64, r-release-macos-x86_64, r-release-windows-x86_64, r-oldrel-macos-arm64, r-oldrel-macos-x86_64, r-oldrel-windows-x86_64