CRAN Package Check Results for Package ensembleTax

Last updated on 2025-05-04 03:50:52 CEST.

Flavor Version Tinstall Tcheck Ttotal Status Flags
r-devel-linux-x86_64-debian-clang 1.1.1 4.88 51.00 55.88 NOTE
r-devel-linux-x86_64-debian-gcc 1.1.1 2.74 40.17 42.91 NOTE
r-devel-linux-x86_64-fedora-clang 1.1.1 97.80 NOTE
r-devel-linux-x86_64-fedora-gcc 1.1.1 105.50 NOTE
r-devel-windows-x86_64 1.1.1 7.00 71.00 78.00 OK
r-patched-linux-x86_64 1.1.1 4.50 50.93 55.43 OK
r-release-linux-x86_64 OK
r-release-macos-arm64 1.1.1 53.00 OK
r-release-macos-x86_64 1.1.1 70.00 OK
r-release-windows-x86_64 1.1.1 8.00 72.00 80.00 OK
r-oldrel-macos-arm64 1.1.1 36.00 OK
r-oldrel-macos-x86_64 1.1.1 57.00 OK
r-oldrel-windows-x86_64 1.1.1 9.00 85.00 94.00 OK

Check Details

Version: 1.1.1
Check: CRAN incoming feasibility
Result: NOTE Maintainer: ‘Dylan Catlett <dcat4444@gmail.com>’ No Authors@R field in DESCRIPTION. Please add one, modifying Authors@R: c(person(given = "Dylan", family = "Catlett", role = c("aut", "cre"), email = "dcat4444@gmail.com"), person(given = "Kevin", family = "Son", role = "ctb"), person(given = "Connie", family = "Liang", role = "ctb")) as necessary. Flavors: r-devel-linux-x86_64-debian-clang, r-devel-linux-x86_64-debian-gcc

Version: 1.1.1
Check: dependencies in R code
Result: NOTE Namespaces in Imports field not imported from: ‘Biostrings’ ‘DECIPHER’ ‘ggplot2’ ‘reshape2’ ‘usethis’ All declared Imports should be used. Flavors: r-devel-linux-x86_64-fedora-clang, r-devel-linux-x86_64-fedora-gcc