CRAN Package Check Results for Package elastes

Last updated on 2025-11-22 03:50:47 CET.

Flavor Version Tinstall Tcheck Ttotal Status Flags
r-devel-linux-x86_64-debian-clang 0.1.7 12.55 156.31 168.86 NOTE
r-devel-linux-x86_64-debian-gcc 0.1.7 9.47 108.98 118.45 NOTE
r-devel-linux-x86_64-fedora-clang 0.1.7 47.00 219.79 266.79 NOTE
r-devel-linux-x86_64-fedora-gcc 0.1.7 22.00 229.37 251.37 NOTE
r-devel-windows-x86_64 0.1.7 17.00 146.00 163.00 NOTE
r-patched-linux-x86_64 0.1.7 12.47 148.87 161.34 NOTE
r-release-linux-x86_64 0.1.7 13.86 146.66 160.52 NOTE
r-release-macos-arm64 0.1.7 NOTE
r-release-macos-x86_64 0.1.7 10.00 125.00 135.00 NOTE
r-release-windows-x86_64 0.1.7 15.00 142.00 157.00 NOTE
r-oldrel-macos-arm64 0.1.7 NOTE
r-oldrel-macos-x86_64 0.1.7 8.00 96.00 104.00 NOTE
r-oldrel-windows-x86_64 0.1.7 21.00 183.00 204.00 NOTE

Check Details

Version: 0.1.7
Check: CRAN incoming feasibility
Result: NOTE Maintainer: ‘Manuel Pfeuffer <manuel.pfeuffer@hu-berlin.de>’ The Description field contains <doi:10.1111/biom.13706>. See Stöcker et. al. (2022) <arXiv:2203.10522> Please refer to arXiv e-prints via their arXiv DOI <doi:10.48550/arXiv.YYMM.NNNNN>. Flavors: r-devel-linux-x86_64-debian-clang, r-devel-linux-x86_64-debian-gcc

Version: 0.1.7
Check: Rd files
Result: NOTE checkRd: (-1) fit_mean.Rd:54: Lost braces 54 | \code{t_optims}{optimal parametrizations} | ^ checkRd: (-1) fit_mean.Rd:55: Lost braces 55 | \code{G_optims}{optimal rotations} | ^ checkRd: (-1) fit_mean.Rd:56: Lost braces 56 | \code{b_optims}{optimal scalings} | ^ checkRd: (-1) fit_mean.Rd:57: Lost braces 57 | \code{n_optims}{optimal re-normalization} | ^ checkRd: (-1) fit_mean.Rd:58: Lost braces 58 | \code{n_iter}{number of iterations until convergence} | ^ Flavors: r-devel-linux-x86_64-debian-clang, r-devel-linux-x86_64-debian-gcc, r-devel-linux-x86_64-fedora-clang, r-devel-linux-x86_64-fedora-gcc, r-devel-windows-x86_64, r-patched-linux-x86_64, r-release-linux-x86_64, r-release-macos-arm64, r-release-macos-x86_64, r-release-windows-x86_64, r-oldrel-macos-arm64, r-oldrel-macos-x86_64, r-oldrel-windows-x86_64